{"id":8600,"date":"2017-05-05T11:48:32","date_gmt":"2017-05-05T14:48:32","guid":{"rendered":"http:\/\/www2.ifsc.usp.br\/pos\/?page_id=8600"},"modified":"2020-12-22T11:01:20","modified_gmt":"2020-12-22T14:01:20","slug":"producao-cientifica","status":"publish","type":"page","link":"https:\/\/www2.ifsc.usp.br\/pos\/producao-cientifica\/","title":{"rendered":"Produ\u00e7\u00e3o cient\u00edfica"},"content":{"rendered":"<p>A Produ\u00e7\u00e3o Cient\u00edfica do IFSC reflete a qualidade do corpo docente e discente que fazem parte de nosso Programa de P\u00f3s-Gradua\u00e7\u00e3o.<\/p>\n<p>A tabela abaixo mostra um resumo das nossas publica\u00e7\u00f5es:<\/p>\n<table style=\"height: 543px;\" width=\"1123\">\n<tbody>\n<tr>\n<td width=\"116\"; style=\"text-align: center; vertical-align: middle;\">\n<p style=\"text-align: center; vertical-align: middle;\">\n<\/td>\n<td width=\"116\"; style=\"text-align: center; vertical-align: middle;\">\n<p style=\"text-align: center; vertical-align: middle;\"><strong>2017<\/strong><\/p>\n<\/td>\n<td width=\"116\"; style=\"text-align: center; vertical-align: middle;\">\n<p style=\"text-align: center; vertical-align: middle;\"><strong>2018<\/strong><\/p>\n<\/td>\n<td width=\"116\"; style=\"text-align: center; vertical-align: middle;\">\n<p style=\"text-align: center; vertical-align: middle;\"><strong>2019<\/strong><\/p>\n<\/td>\n<td width=\"116\"; style=\"text-align: center; vertical-align: middle;\">\n<p style=\"text-align: center; vertical-align: middle;\"><strong>2020<\/strong><\/p>\n<\/td>\n<\/tr>\n<tr>\n<td width=\"116\"; style=\"text-align: center; vertical-align: middle;\">\n<p style=\"text-align: center; vertical-align: middle;\"><strong> N\u00ba Publica\u00e7\u00f5es Indexadas <\/strong><\/p>\n<\/td>\n<td width=\"116\"; style=\"text-align: center; vertical-align: middle;\">\n<p style=\"text-align: center; vertical-align: middle;\">272<\/p>\n<\/td>\n<td width=\"116\"; style=\"text-align: center; vertical-align: middle;\">\n<p style=\"text-align: center; vertical-align: middle;\">340<\/p>\n<\/td>\n<td width=\"116\"; style=\"text-align: center; vertical-align: middle;\">\n<p style=\"text-align: center; vertical-align: middle;\">362<\/p>\n<\/td>\n<td width=\"116\"; style=\"text-align: center; vertical-align: middle;\">\n<p style=\"text-align: center; vertical-align: middle;\">402<\/p>\n<\/td>\n<\/tr>\n<tr>\n<td width=\"116\"; style=\"text-align: center; vertical-align: middle;\">\n<p style=\"text-align: center; vertical-align: middle;\"><strong> M\u00e9dia Fator de Impacto <\/strong><\/p>\n<\/td>\n<td width=\"116\"; style=\"text-align: center; vertical-align: middle;\">\n<p style=\"text-align: center; vertical-align: middle;\">3.62<\/p>\n<\/td>\n<td width=\"116\"; style=\"text-align: center; vertical-align: middle;\">\n<p style=\"text-align: center; vertical-align: middle;\">3.52<\/p>\n<\/td>\n<td width=\"116\"; style=\"text-align: center; vertical-align: middle;\">\n<p style=\"text-align: center; vertical-align: middle;\">3.83<\/p>\n<\/td>\n<td width=\"116\"; style=\"text-align: center; vertical-align: middle;\">\n<p style=\"text-align: center; vertical-align: middle;\">4.10<\/p>\n<\/td>\n<\/tr>\n<tr>\n<td width=\"116\"; style=\"text-align: center; vertical-align: middle;\">\n<p style=\"text-align: center; vertical-align: middle;\"><strong> N\u00ba Artigos Fator de Impacto &gt; 10 <\/strong><\/p>\n<\/td>\n<td width=\"116\"; style=\"text-align: center; vertical-align: middle;\">\n<p style=\"text-align: center; vertical-align: middle;\">8<\/p>\n<\/td>\n<td width=\"116\"; style=\"text-align: center; vertical-align: middle;\">\n<p style=\"text-align: center; vertical-align: middle;\">4<\/p>\n<\/td>\n<td width=\"116\"; style=\"text-align: center; vertical-align: middle;\">\n<p style=\"text-align: center;\">8<\/p>\n<\/td>\n<td width=\"116\"; style=\"text-align: center; vertical-align: middle;\">\n<p style=\"text-align: center; vertical-align: middle;\">11<\/p>\n<\/td>\n<\/tr>\n<tr>\n<td width=\"116\"; style=\"text-align: center; vertical-align: middle;\">\n<p style=\"text-align: center; vertical-align: middle;\"><strong> N\u00ba Artigos Fator de Impacto &gt; 5 <\/strong><\/p>\n<\/td>\n<td width=\"116\"; style=\"text-align: center; vertical-align: middle;\">\n<p style=\"text-align: center; vertical-align: middle;\">40<\/p>\n<\/td>\n<td width=\"116\"; style=\"text-align: center; vertical-align: middle;\">\n<p style=\"text-align: center; vertical-align: middle;\">40<\/p>\n<\/td>\n<td width=\"116\"; style=\"text-align: center; vertical-align: middle;\">\n<p style=\"text-align: center; vertical-align: middle;\">60<\/p>\n<\/td>\n<td width=\"116\"; style=\"text-align: center; vertical-align: middle;\">\n<p style=\"text-align: center; vertical-align: middle;\">82<\/p>\n<\/td>\n<\/tr>\n<tr>\n<td width=\"116\"; style=\"text-align: center; vertical-align: middle;\">\n<p style=\"text-align: center; vertical-align: middle;\"><strong> N\u00ba Artigos QUALIS A1 <\/strong><\/p>\n<\/td>\n<td width=\"116\"; style=\"text-align: center; vertical-align: middle;\">\n<p style=\"text-align: center; vertical-align: middle;\">49<\/p>\n<\/td>\n<td width=\"116\"; style=\"text-align: center; vertical-align: middle;\">\n<p style=\"text-align: center; vertical-align: middle;\">42<\/p>\n<\/td>\n<td width=\"116\"; style=\"text-align: center; vertical-align: middle;\">\n<p style=\"text-align: center; vertical-align: middle;\">59<\/p>\n<\/td>\n<td width=\"116\"; style=\"text-align: center; vertical-align: middle;\">\n<p style=\"text-align: center; vertical-align: middle;\">60<\/p>\n<\/td>\n<\/tr>\n<tr>\n<td width=\"116\"; style=\"text-align: center; vertical-align: middle;\">\n<p style=\"text-align: center;\"><strong> N\u00ba Artigos QUALIS A2<\/strong><\/p>\n<\/td>\n<td width=\"116\"; style=\"text-align: center; vertical-align: middle;\">\n<p style=\"text-align: center; vertical-align: middle;\">104<\/p>\n<\/td>\n<td width=\"116\"; style=\"text-align: center; vertical-align: middle;\">\n<p style=\"text-align: center; vertical-align: middle;\">118<\/p>\n<\/td>\n<td width=\"116\"; style=\"text-align: center; vertical-align: middle;\">\n<p style=\"text-align: center; vertical-align: middle;\">121<\/p>\n<\/td>\n<td width=\"116\"; style=\"text-align: center; vertical-align: middle;\">\n<p style=\"text-align: center; vertical-align: middle;\">402<\/p>\n<\/td>\n<\/tr>\n<\/tbody>\n<\/table>\n<p>&nbsp;<\/p>\n<p>&nbsp;<\/p>\n","protected":false},"excerpt":{"rendered":"<p>A Produ\u00e7\u00e3o Cient\u00edfica do IFSC reflete a qualidade do corpo docente e discente que fazem parte de nosso Programa de P\u00f3s-Gradua\u00e7\u00e3o. A tabela abaixo mostra um resumo das nossas publica\u00e7\u00f5es: 2017 2018 2019 2020 N\u00ba Publica\u00e7\u00f5es Indexadas 272 340 362 402 M\u00e9dia Fator de Impacto 3.62 3.52 3.83 4.10 N\u00ba Artigos Fator de Impacto &gt; [&hellip;]<\/p>\n","protected":false},"author":2,"featured_media":0,"parent":0,"menu_order":0,"comment_status":"closed","ping_status":"closed","template":"","meta":{"footnotes":""},"class_list":["post-8600","page","type-page","status-publish","hentry"],"yoast_head":"<!-- This site is optimized with the Yoast SEO plugin v27.1.1 - https:\/\/yoast.com\/product\/yoast-seo-wordpress\/ -->\n<title>Produ\u00e7\u00e3o cient\u00edfica - P\u00f3s-Gradua\u00e7\u00e3o IFSC<\/title>\n<meta name=\"robots\" content=\"index, follow, max-snippet:-1, max-image-preview:large, max-video-preview:-1\" \/>\n<link rel=\"canonical\" href=\"https:\/\/www2.ifsc.usp.br\/pos\/producao-cientifica\/\" \/>\n<meta property=\"og:locale\" content=\"pt_BR\" \/>\n<meta property=\"og:type\" content=\"article\" \/>\n<meta property=\"og:title\" content=\"Produ\u00e7\u00e3o cient\u00edfica - P\u00f3s-Gradua\u00e7\u00e3o IFSC\" \/>\n<meta property=\"og:description\" content=\"A Produ\u00e7\u00e3o Cient\u00edfica do IFSC reflete a qualidade do corpo docente e discente que fazem parte de nosso Programa de P\u00f3s-Gradua\u00e7\u00e3o. A tabela abaixo mostra um resumo das nossas publica\u00e7\u00f5es: 2017 2018 2019 2020 N\u00ba Publica\u00e7\u00f5es Indexadas 272 340 362 402 M\u00e9dia Fator de Impacto 3.62 3.52 3.83 4.10 N\u00ba Artigos Fator de Impacto &gt; [&hellip;]\" \/>\n<meta property=\"og:url\" content=\"https:\/\/www2.ifsc.usp.br\/pos\/producao-cientifica\/\" \/>\n<meta property=\"og:site_name\" content=\"P\u00f3s-Gradua\u00e7\u00e3o IFSC\" \/>\n<meta property=\"article:modified_time\" content=\"2020-12-22T14:01:20+00:00\" \/>\n<meta name=\"twitter:card\" content=\"summary_large_image\" \/>\n<script type=\"application\/ld+json\" class=\"yoast-schema-graph\">{\"@context\":\"https:\/\/schema.org\",\"@graph\":[{\"@type\":\"WebPage\",\"@id\":\"https:\/\/www2.ifsc.usp.br\/pos\/producao-cientifica\/\",\"url\":\"https:\/\/www2.ifsc.usp.br\/pos\/producao-cientifica\/\",\"name\":\"Produ\u00e7\u00e3o cient\u00edfica - P\u00f3s-Gradua\u00e7\u00e3o IFSC\",\"isPartOf\":{\"@id\":\"https:\/\/www2.ifsc.usp.br\/pos\/#website\"},\"datePublished\":\"2017-05-05T14:48:32+00:00\",\"dateModified\":\"2020-12-22T14:01:20+00:00\",\"breadcrumb\":{\"@id\":\"https:\/\/www2.ifsc.usp.br\/pos\/producao-cientifica\/#breadcrumb\"},\"inLanguage\":\"pt-BR\",\"potentialAction\":[{\"@type\":\"ReadAction\",\"target\":[\"https:\/\/www2.ifsc.usp.br\/pos\/producao-cientifica\/\"]}]},{\"@type\":\"BreadcrumbList\",\"@id\":\"https:\/\/www2.ifsc.usp.br\/pos\/producao-cientifica\/#breadcrumb\",\"itemListElement\":[{\"@type\":\"ListItem\",\"position\":1,\"name\":\"Home\",\"item\":\"https:\/\/www2.ifsc.usp.br\/pos\/\"},{\"@type\":\"ListItem\",\"position\":2,\"name\":\"Produ\u00e7\u00e3o cient\u00edfica\"}]},{\"@type\":\"WebSite\",\"@id\":\"https:\/\/www2.ifsc.usp.br\/pos\/#website\",\"url\":\"https:\/\/www2.ifsc.usp.br\/pos\/\",\"name\":\"P\u00f3s-Gradua\u00e7\u00e3o IFSC\",\"description\":\"Instituto de F\u00edsica de S\u00e3o Carlos\",\"potentialAction\":[{\"@type\":\"SearchAction\",\"target\":{\"@type\":\"EntryPoint\",\"urlTemplate\":\"https:\/\/www2.ifsc.usp.br\/pos\/?s={search_term_string}\"},\"query-input\":{\"@type\":\"PropertyValueSpecification\",\"valueRequired\":true,\"valueName\":\"search_term_string\"}}],\"inLanguage\":\"pt-BR\"}]}<\/script>\n<!-- \/ Yoast SEO plugin. -->","yoast_head_json":{"title":"Produ\u00e7\u00e3o cient\u00edfica - P\u00f3s-Gradua\u00e7\u00e3o IFSC","robots":{"index":"index","follow":"follow","max-snippet":"max-snippet:-1","max-image-preview":"max-image-preview:large","max-video-preview":"max-video-preview:-1"},"canonical":"https:\/\/www2.ifsc.usp.br\/pos\/producao-cientifica\/","og_locale":"pt_BR","og_type":"article","og_title":"Produ\u00e7\u00e3o cient\u00edfica - P\u00f3s-Gradua\u00e7\u00e3o IFSC","og_description":"A Produ\u00e7\u00e3o Cient\u00edfica do IFSC reflete a qualidade do corpo docente e discente que fazem parte de nosso Programa de P\u00f3s-Gradua\u00e7\u00e3o. A tabela abaixo mostra um resumo das nossas publica\u00e7\u00f5es: 2017 2018 2019 2020 N\u00ba Publica\u00e7\u00f5es Indexadas 272 340 362 402 M\u00e9dia Fator de Impacto 3.62 3.52 3.83 4.10 N\u00ba Artigos Fator de Impacto &gt; [&hellip;]","og_url":"https:\/\/www2.ifsc.usp.br\/pos\/producao-cientifica\/","og_site_name":"P\u00f3s-Gradua\u00e7\u00e3o IFSC","article_modified_time":"2020-12-22T14:01:20+00:00","twitter_card":"summary_large_image","schema":{"@context":"https:\/\/schema.org","@graph":[{"@type":"WebPage","@id":"https:\/\/www2.ifsc.usp.br\/pos\/producao-cientifica\/","url":"https:\/\/www2.ifsc.usp.br\/pos\/producao-cientifica\/","name":"Produ\u00e7\u00e3o cient\u00edfica - P\u00f3s-Gradua\u00e7\u00e3o IFSC","isPartOf":{"@id":"https:\/\/www2.ifsc.usp.br\/pos\/#website"},"datePublished":"2017-05-05T14:48:32+00:00","dateModified":"2020-12-22T14:01:20+00:00","breadcrumb":{"@id":"https:\/\/www2.ifsc.usp.br\/pos\/producao-cientifica\/#breadcrumb"},"inLanguage":"pt-BR","potentialAction":[{"@type":"ReadAction","target":["https:\/\/www2.ifsc.usp.br\/pos\/producao-cientifica\/"]}]},{"@type":"BreadcrumbList","@id":"https:\/\/www2.ifsc.usp.br\/pos\/producao-cientifica\/#breadcrumb","itemListElement":[{"@type":"ListItem","position":1,"name":"Home","item":"https:\/\/www2.ifsc.usp.br\/pos\/"},{"@type":"ListItem","position":2,"name":"Produ\u00e7\u00e3o cient\u00edfica"}]},{"@type":"WebSite","@id":"https:\/\/www2.ifsc.usp.br\/pos\/#website","url":"https:\/\/www2.ifsc.usp.br\/pos\/","name":"P\u00f3s-Gradua\u00e7\u00e3o IFSC","description":"Instituto de F\u00edsica de S\u00e3o Carlos","potentialAction":[{"@type":"SearchAction","target":{"@type":"EntryPoint","urlTemplate":"https:\/\/www2.ifsc.usp.br\/pos\/?s={search_term_string}"},"query-input":{"@type":"PropertyValueSpecification","valueRequired":true,"valueName":"search_term_string"}}],"inLanguage":"pt-BR"}]}},"_links":{"self":[{"href":"https:\/\/www2.ifsc.usp.br\/pos\/wp-json\/wp\/v2\/pages\/8600","targetHints":{"allow":["GET"]}}],"collection":[{"href":"https:\/\/www2.ifsc.usp.br\/pos\/wp-json\/wp\/v2\/pages"}],"about":[{"href":"https:\/\/www2.ifsc.usp.br\/pos\/wp-json\/wp\/v2\/types\/page"}],"author":[{"embeddable":true,"href":"https:\/\/www2.ifsc.usp.br\/pos\/wp-json\/wp\/v2\/users\/2"}],"replies":[{"embeddable":true,"href":"https:\/\/www2.ifsc.usp.br\/pos\/wp-json\/wp\/v2\/comments?post=8600"}],"version-history":[{"count":20,"href":"https:\/\/www2.ifsc.usp.br\/pos\/wp-json\/wp\/v2\/pages\/8600\/revisions"}],"predecessor-version":[{"id":10876,"href":"https:\/\/www2.ifsc.usp.br\/pos\/wp-json\/wp\/v2\/pages\/8600\/revisions\/10876"}],"wp:attachment":[{"href":"https:\/\/www2.ifsc.usp.br\/pos\/wp-json\/wp\/v2\/media?parent=8600"}],"curies":[{"name":"wp","href":"https:\/\/api.w.org\/{rel}","templated":true}]}}