{"id":8563,"date":"2017-05-05T11:06:55","date_gmt":"2017-05-05T14:06:55","guid":{"rendered":"http:\/\/www2.ifsc.usp.br\/pos\/?page_id=8563"},"modified":"2022-09-22T10:08:22","modified_gmt":"2022-09-22T13:08:22","slug":"formularios","status":"publish","type":"page","link":"https:\/\/www2.ifsc.usp.br\/pos\/formularios\/","title":{"rendered":"Requisi\u00e7\u00f5es"},"content":{"rendered":"<p><b>Todas as solicita\u00e7\u00f5es para a CPG devem ser encaminhadas conforme instru\u00e7\u00f5es abaixo. Se voc\u00ea precisa fazer uma solicita\u00e7\u00e3o que n\u00e3o est\u00e1 listada abaixo, envie email para svposgrad@ifsc.usp.br.<\/b><\/p>\n<ol>\n<li style=\"font-weight: 400;\" aria-level=\"1\"><span style=\"font-weight: 400;\">Avisar a CPG de<\/span><a href=\"https:\/\/docs.google.com\/forms\/d\/e\/1FAIpQLScv-QbLFEI4OCq8dFVVnJIQhzz2gWfjJtk6m_cRsBqAIinAfA\/viewform?usp=sf_link\" target=\"_blank\" rel=\"noopener\"><span style=\"font-weight: 400;\"> premia\u00e7\u00e3o recebida por estudante<\/span><\/a><span style=\"font-weight: 400;\"> do Programa<\/span><\/li>\n<li style=\"font-weight: 400;\" aria-level=\"1\"><a href=\"https:\/\/docs.google.com\/forms\/d\/1Q-8X8d0WCq-k16xOZt1oT0uqF4K1i_eifV8UOJhuk4s\/edit?usp=sharing\" target=\"_blank\" rel=\"noopener\"><span style=\"font-weight: 400;\">Matr\u00edcula no Programa<\/span><\/a><\/li>\n<li style=\"font-weight: 400;\" aria-level=\"1\"><a href=\"https:\/\/docs.google.com\/forms\/d\/1AuZqSfkzpU_UB7JEBc4KAzzp3a3O5lJCnRZ4-ku58Tg\/edit?usp=sharing\" target=\"_blank\" rel=\"noopener\"><span style=\"font-weight: 400;\">Matr\u00edcula no Programa &#8211; Edital de Fluxo cont\u00ednuo<\/span><\/a><\/li>\n<li style=\"font-weight: 400;\" aria-level=\"1\"><a href=\"https:\/\/docs.google.com\/forms\/d\/1zFGtDNAMFShWfilS70WpIHsQn_hFxj5TtRAiB_in3Ko\/edit?usp=sharing\" target=\"_blank\" rel=\"noopener\"><span style=\"font-weight: 400;\">Matr\u00edcula de aluno especial<\/span><\/a><span style=\"font-weight: 400;\"> em disciplinas<\/span><\/li>\n<li style=\"font-weight: 400;\" aria-level=\"1\"><a href=\"https:\/\/www2.ifsc.usp.br\/pos\/orientacoes-para-defesa\/\" target=\"_blank\" rel=\"noopener\"><span style=\"font-weight: 400;\">Dep\u00f3sito de Tese e de Disserta\u00e7\u00e3o<\/span><\/a><\/li>\n<li style=\"font-weight: 400;\" aria-level=\"1\"><a href=\"https:\/\/www2.ifsc.usp.br\/pos\/orientacoes-para-qualificacao\/\" target=\"_blank\" rel=\"noopener\"><span style=\"font-weight: 400;\">Dep\u00f3sito de Exame de Qualifica\u00e7\u00e3o<\/span><\/a><\/li>\n<li style=\"font-weight: 400;\" aria-level=\"1\"><a href=\"https:\/\/docs.google.com\/forms\/d\/1TvSQkK84rfcBtrmxNRZ624X5_2obXwuFkd2TzUC7Nag\/edit?usp=sharing\" target=\"_blank\" rel=\"noopener\"><span style=\"font-weight: 400;\">Equival\u00eancia de t\u00edtulo de Mestrado<\/span><\/a><\/li>\n<li style=\"font-weight: 400;\" aria-level=\"1\"><a href=\"https:\/\/docs.google.com\/forms\/d\/1386xsfESvK-kBuw3DgeuqsDs4XGUc5W5rhulbafseS4\/edit?usp=sharing\" target=\"_blank\" rel=\"noopener\"><span style=\"font-weight: 400;\">Cancelamento da matr\u00edcula em disciplina \u2013 Aluno Especial<\/span><\/a><\/li>\n<li style=\"font-weight: 400;\" aria-level=\"1\"><a href=\"https:\/\/docs.google.com\/forms\/d\/1HsJ1tXjzQLs1NMXejG0rp1Kd3d-PbibK49BYhhb-VwU\/edit?usp=sharing\" target=\"_blank\" rel=\"noopener\"><span style=\"font-weight: 400;\">Relat\u00f3rio de acompanhamento<\/span><\/a><span style=\"font-weight: 400;\">\u00a0<\/span><\/li>\n<\/ol>\n<p><span style=\"text-decoration: underline;\"><b>Requerimentos via Janus<\/b><\/span><\/p>\n<p><b>Para as solicita\u00e7\u00f5es listadas abaixo, o estudante deve entrar no sistema Janus e fazer a solicita\u00e7\u00e3o.\u00a0<\/b><\/p>\n<p><b>A solicita\u00e7\u00e3o \u00e9 sempre feita pelo estudante e a CPG se encarrega de solicitar a aprova\u00e7\u00e3o do orientador quando for necess\u00e1rio.<\/b><\/p>\n<p><b>Em cada janela, o sistema solicita as informa\u00e7\u00f5es e documenta\u00e7\u00f5es necess\u00e1rias. O Janus disponibiliza as seguintes solicita\u00e7\u00f5es:\u00a0<\/b><\/p>\n<ol>\n<li style=\"font-weight: 400;\" aria-level=\"1\"><span style=\"font-weight: 400;\">Aproveitamento de cr\u00e9ditos em disciplina cursada fora da USP.<\/span><\/li>\n<li style=\"font-weight: 400;\" aria-level=\"1\"><span style=\"font-weight: 400;\">Aproveitamento de cr\u00e9ditos em disciplinas cursadas na USP. Ou seja, cr\u00e9ditos excedentes de Mestrado que possam ser aproveitados no Doutorado ou cr\u00e9ditos de disciplinas cursadas como aluno especial.\u00a0<\/span><\/li>\n<li style=\"font-weight: 400;\" aria-level=\"1\"><span style=\"font-weight: 400;\">Atribui\u00e7\u00e3o de cr\u00e9ditos especiais de acordo com o Regulamento do Programa.<\/span><\/li>\n<li style=\"font-weight: 400;\" aria-level=\"1\"><span style=\"font-weight: 400;\">Trancamento da matr\u00edcula no Programa.<\/span><\/li>\n<\/ol>\n<p><b>As solicita\u00e7\u00f5es abaixo tamb\u00e9m devem ser encaminhadas via Janus, atrav\u00e9s da op\u00e7\u00e3o: <\/b><span style=\"text-decoration: underline;\"><b>Outros Requerimentos<\/b><\/span><\/p>\n<p><b>O sistema oferece uma janela de comunica\u00e7\u00e3o e a possibilidade de carregar um anexo. Siga as instru\u00e7\u00f5es abaixo. Solicita\u00e7\u00f5es feitas sem as informa\u00e7\u00f5es necess\u00e1rias ser\u00e3o devolvidas sem avalia\u00e7\u00e3o.<\/b><\/p>\n<ol>\n<li style=\"font-weight: 400;\" aria-level=\"1\"><span style=\"font-weight: 400;\">Desligamento do Programa<\/span>\n<ol>\n<li style=\"font-weight: 400;\" aria-level=\"2\"><span style=\"font-weight: 400;\">Descri\u00e7\u00e3o\/Justificativa:\u00a0<\/span>\n<ol>\n<li style=\"font-weight: 400;\" aria-level=\"3\"><span style=\"font-weight: 400;\">Escreva: \u201cDesligamento do Programa\u201d.<\/span><\/li>\n<li style=\"font-weight: 400;\" aria-level=\"3\"><span style=\"font-weight: 400;\">Explique o motivo do pedido.<\/span><\/li>\n<\/ol>\n<\/li>\n<li style=\"font-weight: 400;\" aria-level=\"2\"><span style=\"font-weight: 400;\"><span style=\"font-weight: 400;\"><span style=\"font-weight: 400;\"><span style=\"font-weight: 400;\">Anexo: Se julgar necess\u00e1rio, carregue um documento que comprove o pedido.<\/span><\/span><\/span><\/span><\/li>\n<\/ol>\n<\/li>\n<li style=\"font-weight: 400;\" aria-level=\"1\"><span style=\"font-weight: 400;\">Cancelamento de bolsa<\/span><span style=\"font-weight: 400;\">\u00a0<\/span>\n<ol>\n<li style=\"font-weight: 400;\" aria-level=\"2\"><span style=\"font-weight: 400;\">Descri\u00e7\u00e3o\/Justificativa:<\/span>\n<ol>\n<li style=\"font-weight: 400;\" aria-level=\"3\"><span style=\"font-weight: 400;\">Escreva: <\/span><span style=\"font-weight: 400;\">Cancelamento de bolsa<\/span><\/li>\n<li style=\"font-weight: 400;\" aria-level=\"3\"><span style=\"font-weight: 400;\">Explicite a data do cancelamento<\/span><\/li>\n<li style=\"font-weight: 400;\" aria-level=\"3\"><span style=\"font-weight: 400;\">Explique o motivo do pedido.<\/span><\/li>\n<\/ol>\n<\/li>\n<li style=\"font-weight: 400;\" aria-level=\"2\"><span style=\"font-weight: 400;\"><span style=\"font-weight: 400;\"><span style=\"font-weight: 400;\">Anexo: Se julgar necess\u00e1rio, carregue um documento que comprove o pedido.<\/span><\/span><\/span><\/li>\n<\/ol>\n<\/li>\n<li style=\"font-weight: 400;\" aria-level=\"1\"><span style=\"font-weight: 400;\">Mudan\u00e7a de orientador<\/span>\n<ol>\n<li style=\"font-weight: 400;\" aria-level=\"2\"><span style=\"font-weight: 400;\">Descri\u00e7\u00e3o\/Justificativa:<\/span>\n<ol>\n<li style=\"font-weight: 400;\" aria-level=\"3\"><span style=\"font-weight: 400;\">Escreva: Mudan\u00e7a de orientador<\/span><\/li>\n<li style=\"font-weight: 400;\" aria-level=\"3\"><span style=\"font-weight: 400;\">Explique o motivo do pedido.<\/span><\/li>\n<\/ol>\n<\/li>\n<li style=\"font-weight: 400;\" aria-level=\"2\"><span style=\"font-weight: 400;\"><span style=\"font-weight: 400;\"><span style=\"font-weight: 400;\">Anexo: Carregue novo projeto.<\/span><\/span><\/span><\/li>\n<\/ol>\n<\/li>\n<li style=\"font-weight: 400;\" aria-level=\"1\"><span style=\"font-weight: 400;\">Mudan\u00e7a de n\u00edvel de Mestrado para Doutorado Direto<\/span>\n<ol>\n<li style=\"font-weight: 400;\" aria-level=\"2\"><span style=\"font-weight: 400;\">Descri\u00e7\u00e3o\/Justificativa:<\/span>\n<ol>\n<li style=\"font-weight: 400;\" aria-level=\"3\"><span style=\"font-weight: 400;\">Escreva: Mudan\u00e7a de n\u00edvel de Mestrado para Doutorado Direto.<\/span><\/li>\n<li style=\"font-weight: 400;\" aria-level=\"3\"><span style=\"font-weight: 400;\">Explique o motivo do pedido.<\/span><\/li>\n<\/ol>\n<\/li>\n<li style=\"font-weight: 400;\" aria-level=\"2\"><span style=\"font-weight: 400;\"><span style=\"font-weight: 400;\"><span style=\"font-weight: 400;\">Anexo: Carregue documento comprovando aprova\u00e7\u00e3o da bolsa de doutorado. Se julgar necess\u00e1rio, carregue um documento que comprove o pedido.<\/span><\/span><\/span><\/li>\n<\/ol>\n<\/li>\n<li style=\"font-weight: 400;\" aria-level=\"1\"><span style=\"font-weight: 400;\">Prorroga\u00e7\u00e3o de prazo para dep\u00f3sito da tese ou disserta\u00e7\u00e3o com base no Regulamento do Programa.<\/span>\n<ol>\n<li style=\"font-weight: 400;\" aria-level=\"2\"><span style=\"font-weight: 400;\">Descri\u00e7\u00e3o\/Justificativa:<\/span>\n<ol>\n<li style=\"font-weight: 400;\" aria-level=\"3\"><span style=\"font-weight: 400;\">Escreva: Prorroga\u00e7\u00e3o de prazo para dep\u00f3sito da tese ou disserta\u00e7\u00e3o com base no Regulamento do Programa.<\/span><\/li>\n<li style=\"font-weight: 400;\" aria-level=\"3\"><span style=\"font-weight: 400;\">Explique o motivo do pedido.<\/span><\/li>\n<li style=\"font-weight: 400;\" aria-level=\"3\"><span style=\"font-weight: 400;\">Explicite o per\u00edodo de prorroga\u00e7\u00e3o solicitado em n\u00famero de dias. M\u00e1ximo: 120 dias.<\/span><\/li>\n<\/ol>\n<\/li>\n<li style=\"font-weight: 400;\" aria-level=\"2\"><span style=\"font-weight: 400;\"><span style=\"font-weight: 400;\"><span style=\"font-weight: 400;\">Anexo: Carregue relat\u00f3rio contendo novo cronograma de atividades para o per\u00edodo de prorroga\u00e7\u00e3o solicitado.<\/span><\/span><\/span><\/li>\n<\/ol>\n<\/li>\n<li style=\"font-weight: 400;\" aria-level=\"1\"><span style=\"font-weight: 400;\">Prorroga\u00e7\u00e3o de prazo para dep\u00f3sito da tese ou disserta\u00e7\u00e3o com base na Resolu\u00e7\u00e3o CoPGr 8082\/Pandemia CoVid.<\/span>\n<ol>\n<li style=\"font-weight: 400;\" aria-level=\"2\"><span style=\"font-weight: 400;\">Descri\u00e7\u00e3o\/Justificativa:<\/span>\n<ol>\n<li style=\"font-weight: 400;\" aria-level=\"3\"><span style=\"font-weight: 400;\">Escreva: Prorroga\u00e7\u00e3o de prazo para dep\u00f3sito da tese ou disserta\u00e7\u00e3o com base na Resolu\u00e7\u00e3o CoPGr 8082\/Pandemia CoVid.<\/span><\/li>\n<li style=\"font-weight: 400;\" aria-level=\"3\"><span style=\"font-weight: 400;\">Explique o motivo do pedido.<\/span><\/li>\n<li style=\"font-weight: 400;\" aria-level=\"3\"><span style=\"font-weight: 400;\">Explicite o per\u00edodo de prorroga\u00e7\u00e3o solicitado em n\u00famero de dias.\u00a0<\/span><\/li>\n<\/ol>\n<\/li>\n<li style=\"font-weight: 400;\" aria-level=\"2\"><span style=\"font-weight: 400;\"><span style=\"font-weight: 400;\"><span style=\"font-weight: 400;\">Anexo: Carregue relat\u00f3rio contendo novo cronograma de atividades para o per\u00edodo de prorroga\u00e7\u00e3o solicitado.<\/span><\/span><\/span><\/li>\n<\/ol>\n<\/li>\n<li style=\"font-weight: 400;\" aria-level=\"1\"><span style=\"font-weight: 400;\">Prorroga\u00e7\u00e3o de prazo para profici\u00eancia em idiomas (ingl\u00eas\/portugu\u00eas) com base na Resolu\u00e7\u00e3o CoPGr 8082\/Pandemia CoVid.<\/span>\n<ol>\n<li style=\"font-weight: 400;\" aria-level=\"2\"><span style=\"font-weight: 400;\">Descri\u00e7\u00e3o\/Justificativa:<\/span>\n<ol>\n<li style=\"font-weight: 400;\" aria-level=\"3\"><span style=\"font-weight: 400;\">Escreva: Prorroga\u00e7\u00e3o de prazo para profici\u00eancia em idiomas (ingl\u00eas\/portugu\u00eas) com base na Resolu\u00e7\u00e3o CoPGr 8082\/Pandemia CoVid.<\/span><\/li>\n<li style=\"font-weight: 400;\" aria-level=\"3\"><span style=\"font-weight: 400;\">Explique o motivo do pedido.<\/span><\/li>\n<li style=\"font-weight: 400;\" aria-level=\"3\"><span style=\"font-weight: 400;\">Explicite o per\u00edodo de prorroga\u00e7\u00e3o solicitado em n\u00famero de dias.\u00a0<\/span><\/li>\n<\/ol>\n<\/li>\n<li style=\"font-weight: 400;\" aria-level=\"2\"><span style=\"font-weight: 400;\"><span style=\"font-weight: 400;\"><span style=\"font-weight: 400;\">Anexo: Se julgar necess\u00e1rio, carregue um documento que comprove o pedido.<\/span><\/span><\/span><\/li>\n<\/ol>\n<\/li>\n<li style=\"font-weight: 400;\" aria-level=\"1\"><span style=\"font-weight: 400;\">Prorroga\u00e7\u00e3o de prazo exame de qualifica\u00e7\u00e3o com base na Resolu\u00e7\u00e3o CoPGr 8082\/Pandemia CoVid.<\/span>\n<ol>\n<li style=\"font-weight: 400;\" aria-level=\"2\"><span style=\"font-weight: 400;\">Descri\u00e7\u00e3o\/Justificativa:<\/span>\n<ol>\n<li style=\"font-weight: 400;\" aria-level=\"3\"><span style=\"font-weight: 400;\">Escreva: Prorroga\u00e7\u00e3o de prazo exame de qualifica\u00e7\u00e3o com base na Resolu\u00e7\u00e3o CoPGr 8082\/Pandemia CoVid.<\/span><\/li>\n<li style=\"font-weight: 400;\" aria-level=\"3\"><span style=\"font-weight: 400;\">Explique o motivo do pedido.<\/span><\/li>\n<li style=\"font-weight: 400;\" aria-level=\"3\"><span style=\"font-weight: 400;\">Explicite o per\u00edodo de prorroga\u00e7\u00e3o solicitado em n\u00famero de dias.\u00a0<\/span><\/li>\n<\/ol>\n<\/li>\n<li style=\"font-weight: 400;\" aria-level=\"2\"><span style=\"font-weight: 400;\"><span style=\"font-weight: 400;\"><span style=\"font-weight: 400;\">Anexo: Se julgar necess\u00e1rio, carregue um documento que comprove o pedido.<\/span><\/span><\/span><\/li>\n<\/ol>\n<\/li>\n<li style=\"font-weight: 400;\" aria-level=\"1\"><span style=\"font-weight: 400;\">D<\/span><span style=\"font-weight: 400;\">ispensa de participa\u00e7\u00e3o na SIFSC<\/span>\n<ol>\n<li style=\"font-weight: 400;\" aria-level=\"2\"><span style=\"font-weight: 400;\">Descri\u00e7\u00e3o\/Justificativa:<\/span>\n<ol>\n<li style=\"font-weight: 400;\" aria-level=\"3\"><span style=\"font-weight: 400;\">Escreva: D<\/span><span style=\"font-weight: 400;\">ispensa de participa\u00e7\u00e3o na SIFSC<\/span><\/li>\n<li style=\"font-weight: 400;\" aria-level=\"3\"><span style=\"font-weight: 400;\">Explique o motivo do pedido.<\/span><\/li>\n<\/ol>\n<\/li>\n<li style=\"font-weight: 400;\" aria-level=\"2\"><span style=\"font-weight: 400;\">Anexo: Se julgar necess\u00e1rio, carregue um documento que comprove o pedido.<\/span><\/li>\n<\/ol>\n<\/li>\n<\/ol>\n","protected":false},"excerpt":{"rendered":"<p>Todas as solicita\u00e7\u00f5es para a CPG devem ser encaminhadas conforme instru\u00e7\u00f5es abaixo. Se voc\u00ea precisa fazer uma solicita\u00e7\u00e3o que n\u00e3o est\u00e1 listada abaixo, envie email para svposgrad@ifsc.usp.br. Avisar a CPG de premia\u00e7\u00e3o recebida por estudante do Programa Matr\u00edcula no Programa Matr\u00edcula no Programa &#8211; Edital de Fluxo cont\u00ednuo Matr\u00edcula de aluno especial em disciplinas Dep\u00f3sito [&hellip;]<\/p>\n","protected":false},"author":2,"featured_media":0,"parent":0,"menu_order":0,"comment_status":"closed","ping_status":"closed","template":"","meta":{"footnotes":""},"class_list":["post-8563","page","type-page","status-publish","hentry"],"yoast_head":"<!-- This site is optimized with the Yoast SEO plugin v27.5 - https:\/\/yoast.com\/product\/yoast-seo-wordpress\/ -->\n<title>Requisi\u00e7\u00f5es - P\u00f3s-Gradua\u00e7\u00e3o IFSC<\/title>\n<meta name=\"robots\" content=\"index, follow, max-snippet:-1, max-image-preview:large, max-video-preview:-1\" \/>\n<link rel=\"canonical\" href=\"https:\/\/www2.ifsc.usp.br\/pos\/formularios\/\" \/>\n<meta property=\"og:locale\" content=\"pt_BR\" \/>\n<meta property=\"og:type\" content=\"article\" \/>\n<meta property=\"og:title\" content=\"Requisi\u00e7\u00f5es - P\u00f3s-Gradua\u00e7\u00e3o IFSC\" \/>\n<meta property=\"og:description\" content=\"Todas as solicita\u00e7\u00f5es para a CPG devem ser encaminhadas conforme instru\u00e7\u00f5es abaixo. Se voc\u00ea precisa fazer uma solicita\u00e7\u00e3o que n\u00e3o est\u00e1 listada abaixo, envie email para svposgrad@ifsc.usp.br. Avisar a CPG de premia\u00e7\u00e3o recebida por estudante do Programa Matr\u00edcula no Programa Matr\u00edcula no Programa &#8211; Edital de Fluxo cont\u00ednuo Matr\u00edcula de aluno especial em disciplinas Dep\u00f3sito [&hellip;]\" \/>\n<meta property=\"og:url\" content=\"https:\/\/www2.ifsc.usp.br\/pos\/formularios\/\" \/>\n<meta property=\"og:site_name\" content=\"P\u00f3s-Gradua\u00e7\u00e3o IFSC\" \/>\n<meta property=\"article:modified_time\" content=\"2022-09-22T13:08:22+00:00\" \/>\n<meta name=\"twitter:card\" content=\"summary_large_image\" \/>\n<meta name=\"twitter:label1\" content=\"Est. tempo de leitura\" \/>\n\t<meta name=\"twitter:data1\" content=\"4 minutos\" \/>\n<script type=\"application\/ld+json\" class=\"yoast-schema-graph\">{\"@context\":\"https:\\\/\\\/schema.org\",\"@graph\":[{\"@type\":\"WebPage\",\"@id\":\"https:\\\/\\\/www2.ifsc.usp.br\\\/pos\\\/formularios\\\/\",\"url\":\"https:\\\/\\\/www2.ifsc.usp.br\\\/pos\\\/formularios\\\/\",\"name\":\"Requisi\u00e7\u00f5es - P\u00f3s-Gradua\u00e7\u00e3o IFSC\",\"isPartOf\":{\"@id\":\"https:\\\/\\\/www2.ifsc.usp.br\\\/pos\\\/#website\"},\"datePublished\":\"2017-05-05T14:06:55+00:00\",\"dateModified\":\"2022-09-22T13:08:22+00:00\",\"breadcrumb\":{\"@id\":\"https:\\\/\\\/www2.ifsc.usp.br\\\/pos\\\/formularios\\\/#breadcrumb\"},\"inLanguage\":\"pt-BR\",\"potentialAction\":[{\"@type\":\"ReadAction\",\"target\":[\"https:\\\/\\\/www2.ifsc.usp.br\\\/pos\\\/formularios\\\/\"]}]},{\"@type\":\"BreadcrumbList\",\"@id\":\"https:\\\/\\\/www2.ifsc.usp.br\\\/pos\\\/formularios\\\/#breadcrumb\",\"itemListElement\":[{\"@type\":\"ListItem\",\"position\":1,\"name\":\"Home\",\"item\":\"https:\\\/\\\/www2.ifsc.usp.br\\\/pos\\\/\"},{\"@type\":\"ListItem\",\"position\":2,\"name\":\"Requisi\u00e7\u00f5es\"}]},{\"@type\":\"WebSite\",\"@id\":\"https:\\\/\\\/www2.ifsc.usp.br\\\/pos\\\/#website\",\"url\":\"https:\\\/\\\/www2.ifsc.usp.br\\\/pos\\\/\",\"name\":\"P\u00f3s-Gradua\u00e7\u00e3o IFSC\",\"description\":\"Instituto de F\u00edsica de S\u00e3o Carlos\",\"potentialAction\":[{\"@type\":\"SearchAction\",\"target\":{\"@type\":\"EntryPoint\",\"urlTemplate\":\"https:\\\/\\\/www2.ifsc.usp.br\\\/pos\\\/?s={search_term_string}\"},\"query-input\":{\"@type\":\"PropertyValueSpecification\",\"valueRequired\":true,\"valueName\":\"search_term_string\"}}],\"inLanguage\":\"pt-BR\"}]}<\/script>\n<!-- \/ Yoast SEO plugin. -->","yoast_head_json":{"title":"Requisi\u00e7\u00f5es - P\u00f3s-Gradua\u00e7\u00e3o IFSC","robots":{"index":"index","follow":"follow","max-snippet":"max-snippet:-1","max-image-preview":"max-image-preview:large","max-video-preview":"max-video-preview:-1"},"canonical":"https:\/\/www2.ifsc.usp.br\/pos\/formularios\/","og_locale":"pt_BR","og_type":"article","og_title":"Requisi\u00e7\u00f5es - P\u00f3s-Gradua\u00e7\u00e3o IFSC","og_description":"Todas as solicita\u00e7\u00f5es para a CPG devem ser encaminhadas conforme instru\u00e7\u00f5es abaixo. Se voc\u00ea precisa fazer uma solicita\u00e7\u00e3o que n\u00e3o est\u00e1 listada abaixo, envie email para svposgrad@ifsc.usp.br. Avisar a CPG de premia\u00e7\u00e3o recebida por estudante do Programa Matr\u00edcula no Programa Matr\u00edcula no Programa &#8211; Edital de Fluxo cont\u00ednuo Matr\u00edcula de aluno especial em disciplinas Dep\u00f3sito [&hellip;]","og_url":"https:\/\/www2.ifsc.usp.br\/pos\/formularios\/","og_site_name":"P\u00f3s-Gradua\u00e7\u00e3o IFSC","article_modified_time":"2022-09-22T13:08:22+00:00","twitter_card":"summary_large_image","twitter_misc":{"Est. tempo de leitura":"4 minutos"},"schema":{"@context":"https:\/\/schema.org","@graph":[{"@type":"WebPage","@id":"https:\/\/www2.ifsc.usp.br\/pos\/formularios\/","url":"https:\/\/www2.ifsc.usp.br\/pos\/formularios\/","name":"Requisi\u00e7\u00f5es - P\u00f3s-Gradua\u00e7\u00e3o IFSC","isPartOf":{"@id":"https:\/\/www2.ifsc.usp.br\/pos\/#website"},"datePublished":"2017-05-05T14:06:55+00:00","dateModified":"2022-09-22T13:08:22+00:00","breadcrumb":{"@id":"https:\/\/www2.ifsc.usp.br\/pos\/formularios\/#breadcrumb"},"inLanguage":"pt-BR","potentialAction":[{"@type":"ReadAction","target":["https:\/\/www2.ifsc.usp.br\/pos\/formularios\/"]}]},{"@type":"BreadcrumbList","@id":"https:\/\/www2.ifsc.usp.br\/pos\/formularios\/#breadcrumb","itemListElement":[{"@type":"ListItem","position":1,"name":"Home","item":"https:\/\/www2.ifsc.usp.br\/pos\/"},{"@type":"ListItem","position":2,"name":"Requisi\u00e7\u00f5es"}]},{"@type":"WebSite","@id":"https:\/\/www2.ifsc.usp.br\/pos\/#website","url":"https:\/\/www2.ifsc.usp.br\/pos\/","name":"P\u00f3s-Gradua\u00e7\u00e3o IFSC","description":"Instituto de F\u00edsica de S\u00e3o Carlos","potentialAction":[{"@type":"SearchAction","target":{"@type":"EntryPoint","urlTemplate":"https:\/\/www2.ifsc.usp.br\/pos\/?s={search_term_string}"},"query-input":{"@type":"PropertyValueSpecification","valueRequired":true,"valueName":"search_term_string"}}],"inLanguage":"pt-BR"}]}},"_links":{"self":[{"href":"https:\/\/www2.ifsc.usp.br\/pos\/wp-json\/wp\/v2\/pages\/8563","targetHints":{"allow":["GET"]}}],"collection":[{"href":"https:\/\/www2.ifsc.usp.br\/pos\/wp-json\/wp\/v2\/pages"}],"about":[{"href":"https:\/\/www2.ifsc.usp.br\/pos\/wp-json\/wp\/v2\/types\/page"}],"author":[{"embeddable":true,"href":"https:\/\/www2.ifsc.usp.br\/pos\/wp-json\/wp\/v2\/users\/2"}],"replies":[{"embeddable":true,"href":"https:\/\/www2.ifsc.usp.br\/pos\/wp-json\/wp\/v2\/comments?post=8563"}],"version-history":[{"count":39,"href":"https:\/\/www2.ifsc.usp.br\/pos\/wp-json\/wp\/v2\/pages\/8563\/revisions"}],"predecessor-version":[{"id":12184,"href":"https:\/\/www2.ifsc.usp.br\/pos\/wp-json\/wp\/v2\/pages\/8563\/revisions\/12184"}],"wp:attachment":[{"href":"https:\/\/www2.ifsc.usp.br\/pos\/wp-json\/wp\/v2\/media?parent=8563"}],"curies":[{"name":"wp","href":"https:\/\/api.w.org\/{rel}","templated":true}]}}