{"id":8499,"date":"2017-05-03T10:46:42","date_gmt":"2017-05-03T13:46:42","guid":{"rendered":"http:\/\/www2.ifsc.usp.br\/pos\/?page_id=8499"},"modified":"2026-03-30T15:40:23","modified_gmt":"2026-03-30T18:40:23","slug":"comissao-coordenadora","status":"publish","type":"page","link":"https:\/\/www2.ifsc.usp.br\/pos\/comissao-coordenadora\/","title":{"rendered":"Comiss\u00e3o coordenadora"},"content":{"rendered":"<p>A Comiss\u00e3o Coordenadora de Programa (CCP) ser\u00e1 a pr\u00f3pria Comiss\u00e3o de P\u00f3s-Gradua\u00e7\u00e3o (CPG).<\/p>\n<p><strong>Presidente<\/strong>: Prof. Dr. CLEBER RENATO MENDON\u00c7A<br \/>\n<strong>Vice-Presidente<\/strong>: Profa. Dra. Cristina Kurachi<\/p>\n<p><strong>Membros<\/strong><\/p>\n<p style=\"padding-left: 30px;\">Titular: Prof. Dr. LEONARDO DE BONI<br \/>\nSuplente: Prof. Dr. Renato Vitalino Gon\u00e7alves<\/p>\n<p style=\"padding-left: 30px;\">Titular: Prof. Dr. ODEMIR MARTINEZ BRUNO<br \/>\nSuplente: Prof. Dr. S\u00e9rgio Ricardo Muniz<\/p>\n<p style=\"padding-left: 30px;\">Titular: Profa. Dra. CRISTINA KURACHI<br \/>\nSuplente: Prof. Dr. Luis Felipe Santos Mendes<\/p>\n<p style=\"padding-left: 30px;\">Titular: Prof. Dr. MARCOS DE OLIVEIRA J\u00daNIOR<br \/>\nSuplente: Prof. Dr. Lino Misoguti<\/p>\n<p style=\"padding-left: 30px;\">Titular: Prof. Dr. DIOGO RODRIGUES BOITO<br \/>\nSuplente: Prof. Dr. Victor Luiz Quito<\/p>\n<p><strong>Representante Discente<\/strong><\/p>\n<p style=\"padding-left: 30px;\">Titular: DAVID RODRIGUEZ FERN\u00c1NDEZ<br \/>\nSuplente: Jaime Javier Borges Marquez<\/p>\n","protected":false},"excerpt":{"rendered":"<p>A Comiss\u00e3o Coordenadora de Programa (CCP) ser\u00e1 a pr\u00f3pria Comiss\u00e3o de P\u00f3s-Gradua\u00e7\u00e3o (CPG). Presidente: Prof. Dr. CLEBER RENATO MENDON\u00c7A Vice-Presidente: Profa. Dra. Cristina Kurachi Membros Titular: Prof. Dr. LEONARDO DE BONI Suplente: Prof. Dr. Renato Vitalino Gon\u00e7alves Titular: Prof. Dr. ODEMIR MARTINEZ BRUNO Suplente: Prof. Dr. S\u00e9rgio Ricardo Muniz Titular: Profa. Dra. CRISTINA KURACHI Suplente: [&hellip;]<\/p>\n","protected":false},"author":2,"featured_media":0,"parent":0,"menu_order":0,"comment_status":"closed","ping_status":"closed","template":"","meta":{"footnotes":""},"class_list":["post-8499","page","type-page","status-publish","hentry"],"yoast_head":"<!-- This site is optimized with the Yoast SEO plugin v27.1.1 - https:\/\/yoast.com\/product\/yoast-seo-wordpress\/ -->\n<title>Comiss\u00e3o coordenadora - P\u00f3s-Gradua\u00e7\u00e3o IFSC<\/title>\n<meta name=\"robots\" content=\"index, follow, max-snippet:-1, max-image-preview:large, max-video-preview:-1\" \/>\n<link rel=\"canonical\" href=\"https:\/\/www2.ifsc.usp.br\/pos\/comissao-coordenadora\/\" \/>\n<meta property=\"og:locale\" content=\"pt_BR\" \/>\n<meta property=\"og:type\" content=\"article\" \/>\n<meta property=\"og:title\" content=\"Comiss\u00e3o coordenadora - P\u00f3s-Gradua\u00e7\u00e3o IFSC\" \/>\n<meta property=\"og:description\" content=\"A Comiss\u00e3o Coordenadora de Programa (CCP) ser\u00e1 a pr\u00f3pria Comiss\u00e3o de P\u00f3s-Gradua\u00e7\u00e3o (CPG). Presidente: Prof. Dr. CLEBER RENATO MENDON\u00c7A Vice-Presidente: Profa. Dra. Cristina Kurachi Membros Titular: Prof. Dr. LEONARDO DE BONI Suplente: Prof. Dr. Renato Vitalino Gon\u00e7alves Titular: Prof. Dr. ODEMIR MARTINEZ BRUNO Suplente: Prof. Dr. S\u00e9rgio Ricardo Muniz Titular: Profa. Dra. CRISTINA KURACHI Suplente: [&hellip;]\" \/>\n<meta property=\"og:url\" content=\"https:\/\/www2.ifsc.usp.br\/pos\/comissao-coordenadora\/\" \/>\n<meta property=\"og:site_name\" content=\"P\u00f3s-Gradua\u00e7\u00e3o IFSC\" \/>\n<meta property=\"article:modified_time\" content=\"2026-03-30T18:40:23+00:00\" \/>\n<meta name=\"twitter:card\" content=\"summary_large_image\" \/>\n<meta name=\"twitter:label1\" content=\"Est. tempo de leitura\" \/>\n\t<meta name=\"twitter:data1\" content=\"1 minuto\" \/>\n<script type=\"application\/ld+json\" class=\"yoast-schema-graph\">{\"@context\":\"https:\/\/schema.org\",\"@graph\":[{\"@type\":\"WebPage\",\"@id\":\"https:\/\/www2.ifsc.usp.br\/pos\/comissao-coordenadora\/\",\"url\":\"https:\/\/www2.ifsc.usp.br\/pos\/comissao-coordenadora\/\",\"name\":\"Comiss\u00e3o coordenadora - P\u00f3s-Gradua\u00e7\u00e3o IFSC\",\"isPartOf\":{\"@id\":\"https:\/\/www2.ifsc.usp.br\/pos\/#website\"},\"datePublished\":\"2017-05-03T13:46:42+00:00\",\"dateModified\":\"2026-03-30T18:40:23+00:00\",\"breadcrumb\":{\"@id\":\"https:\/\/www2.ifsc.usp.br\/pos\/comissao-coordenadora\/#breadcrumb\"},\"inLanguage\":\"pt-BR\",\"potentialAction\":[{\"@type\":\"ReadAction\",\"target\":[\"https:\/\/www2.ifsc.usp.br\/pos\/comissao-coordenadora\/\"]}]},{\"@type\":\"BreadcrumbList\",\"@id\":\"https:\/\/www2.ifsc.usp.br\/pos\/comissao-coordenadora\/#breadcrumb\",\"itemListElement\":[{\"@type\":\"ListItem\",\"position\":1,\"name\":\"Home\",\"item\":\"https:\/\/www2.ifsc.usp.br\/pos\/\"},{\"@type\":\"ListItem\",\"position\":2,\"name\":\"Comiss\u00e3o coordenadora\"}]},{\"@type\":\"WebSite\",\"@id\":\"https:\/\/www2.ifsc.usp.br\/pos\/#website\",\"url\":\"https:\/\/www2.ifsc.usp.br\/pos\/\",\"name\":\"P\u00f3s-Gradua\u00e7\u00e3o IFSC\",\"description\":\"Instituto de F\u00edsica de S\u00e3o Carlos\",\"potentialAction\":[{\"@type\":\"SearchAction\",\"target\":{\"@type\":\"EntryPoint\",\"urlTemplate\":\"https:\/\/www2.ifsc.usp.br\/pos\/?s={search_term_string}\"},\"query-input\":{\"@type\":\"PropertyValueSpecification\",\"valueRequired\":true,\"valueName\":\"search_term_string\"}}],\"inLanguage\":\"pt-BR\"}]}<\/script>\n<!-- \/ Yoast SEO plugin. -->","yoast_head_json":{"title":"Comiss\u00e3o coordenadora - P\u00f3s-Gradua\u00e7\u00e3o IFSC","robots":{"index":"index","follow":"follow","max-snippet":"max-snippet:-1","max-image-preview":"max-image-preview:large","max-video-preview":"max-video-preview:-1"},"canonical":"https:\/\/www2.ifsc.usp.br\/pos\/comissao-coordenadora\/","og_locale":"pt_BR","og_type":"article","og_title":"Comiss\u00e3o coordenadora - P\u00f3s-Gradua\u00e7\u00e3o IFSC","og_description":"A Comiss\u00e3o Coordenadora de Programa (CCP) ser\u00e1 a pr\u00f3pria Comiss\u00e3o de P\u00f3s-Gradua\u00e7\u00e3o (CPG). Presidente: Prof. Dr. CLEBER RENATO MENDON\u00c7A Vice-Presidente: Profa. Dra. Cristina Kurachi Membros Titular: Prof. Dr. LEONARDO DE BONI Suplente: Prof. Dr. Renato Vitalino Gon\u00e7alves Titular: Prof. Dr. ODEMIR MARTINEZ BRUNO Suplente: Prof. Dr. S\u00e9rgio Ricardo Muniz Titular: Profa. Dra. CRISTINA KURACHI Suplente: [&hellip;]","og_url":"https:\/\/www2.ifsc.usp.br\/pos\/comissao-coordenadora\/","og_site_name":"P\u00f3s-Gradua\u00e7\u00e3o IFSC","article_modified_time":"2026-03-30T18:40:23+00:00","twitter_card":"summary_large_image","twitter_misc":{"Est. tempo de leitura":"1 minuto"},"schema":{"@context":"https:\/\/schema.org","@graph":[{"@type":"WebPage","@id":"https:\/\/www2.ifsc.usp.br\/pos\/comissao-coordenadora\/","url":"https:\/\/www2.ifsc.usp.br\/pos\/comissao-coordenadora\/","name":"Comiss\u00e3o coordenadora - P\u00f3s-Gradua\u00e7\u00e3o IFSC","isPartOf":{"@id":"https:\/\/www2.ifsc.usp.br\/pos\/#website"},"datePublished":"2017-05-03T13:46:42+00:00","dateModified":"2026-03-30T18:40:23+00:00","breadcrumb":{"@id":"https:\/\/www2.ifsc.usp.br\/pos\/comissao-coordenadora\/#breadcrumb"},"inLanguage":"pt-BR","potentialAction":[{"@type":"ReadAction","target":["https:\/\/www2.ifsc.usp.br\/pos\/comissao-coordenadora\/"]}]},{"@type":"BreadcrumbList","@id":"https:\/\/www2.ifsc.usp.br\/pos\/comissao-coordenadora\/#breadcrumb","itemListElement":[{"@type":"ListItem","position":1,"name":"Home","item":"https:\/\/www2.ifsc.usp.br\/pos\/"},{"@type":"ListItem","position":2,"name":"Comiss\u00e3o coordenadora"}]},{"@type":"WebSite","@id":"https:\/\/www2.ifsc.usp.br\/pos\/#website","url":"https:\/\/www2.ifsc.usp.br\/pos\/","name":"P\u00f3s-Gradua\u00e7\u00e3o IFSC","description":"Instituto de F\u00edsica de S\u00e3o Carlos","potentialAction":[{"@type":"SearchAction","target":{"@type":"EntryPoint","urlTemplate":"https:\/\/www2.ifsc.usp.br\/pos\/?s={search_term_string}"},"query-input":{"@type":"PropertyValueSpecification","valueRequired":true,"valueName":"search_term_string"}}],"inLanguage":"pt-BR"}]}},"_links":{"self":[{"href":"https:\/\/www2.ifsc.usp.br\/pos\/wp-json\/wp\/v2\/pages\/8499","targetHints":{"allow":["GET"]}}],"collection":[{"href":"https:\/\/www2.ifsc.usp.br\/pos\/wp-json\/wp\/v2\/pages"}],"about":[{"href":"https:\/\/www2.ifsc.usp.br\/pos\/wp-json\/wp\/v2\/types\/page"}],"author":[{"embeddable":true,"href":"https:\/\/www2.ifsc.usp.br\/pos\/wp-json\/wp\/v2\/users\/2"}],"replies":[{"embeddable":true,"href":"https:\/\/www2.ifsc.usp.br\/pos\/wp-json\/wp\/v2\/comments?post=8499"}],"version-history":[{"count":37,"href":"https:\/\/www2.ifsc.usp.br\/pos\/wp-json\/wp\/v2\/pages\/8499\/revisions"}],"predecessor-version":[{"id":13419,"href":"https:\/\/www2.ifsc.usp.br\/pos\/wp-json\/wp\/v2\/pages\/8499\/revisions\/13419"}],"wp:attachment":[{"href":"https:\/\/www2.ifsc.usp.br\/pos\/wp-json\/wp\/v2\/media?parent=8499"}],"curies":[{"name":"wp","href":"https:\/\/api.w.org\/{rel}","templated":true}]}}