{"id":8490,"date":"2017-05-03T10:33:45","date_gmt":"2017-05-03T13:33:45","guid":{"rendered":"http:\/\/www2.ifsc.usp.br\/pos\/?page_id=8490"},"modified":"2020-12-22T09:10:42","modified_gmt":"2020-12-22T12:10:42","slug":"apresentacao-do-programa","status":"publish","type":"page","link":"https:\/\/www2.ifsc.usp.br\/pos\/apresentacao-do-programa\/","title":{"rendered":"Apresenta\u00e7\u00e3o do programa"},"content":{"rendered":"<p>O Programa de P\u00f3s-Gradua\u00e7\u00e3o em F\u00edsica foi criado em 1969 com sede na Escola de Engenharia de S\u00e3o Carlos (EESC) da Universidade de S\u00e3o Paulo no campus situado na cidade de S\u00e3o Carlos, interior do estado de S\u00e3o Paulo. Em 1971, o Instituto de F\u00edsica e Qu\u00edmica de S\u00e3o Carlos (IFQSC) foi criado como desmembramento da EESC e levou consigo este Programa de P\u00f3s-Gradua\u00e7\u00e3o em F\u00edsica.<\/p>\n<p>Em 1975, o Programa foi dividido em duas \u00e1reas: F\u00edsica Aplicada e F\u00edsica B\u00e1sica. A \u00e1rea de F\u00edsica B\u00e1sica abrigava projetos de pesquisa relacionados a temas fundamentais e inerentes da F\u00edsica, enquanto que a \u00e1rea de F\u00edsica Aplicada recebeia projetos inter e multidisciplinares.<\/p>\n<p>Em 1994, o IFQSC foi dividido no Instituto de F\u00edsica de S\u00e3o Carlos (IFSC) e no Instituto de Qu\u00edmica de S\u00e3o Carlos (IQSC). O Programa de P\u00f3s-Gradua\u00e7\u00e3o em F\u00edsica ficou ent\u00e3o sediado no IFSC. Nesse mesmo ano, a \u00eanfase em F\u00edsica Computacional foi criada dentro da \u00e1rea de F\u00edsica Aplicada.<\/p>\n<p>Entre os anos de 1994 e 1999, o IFSC passou por um r\u00e1pido crescimento que aumentou seu n\u00famero de docentes e incluiu novas linhas de pesquisa. Muitos pesquisadores contratados nesse per\u00edodo dedicavam-se \u00e0 temas de pesquisa em \u00e1reas inter e multidisciplinares, tais como, cristalografia de prote\u00ednas, biologia estrutural, biof\u00edsica molecular, nanotecnologia aplicada \u00e0 biomol\u00e9culas, biocombust\u00edveis e f\u00edsica aplicada \u00e0 solu\u00e7\u00e3o de problemas de sa\u00fade. Como reflexo dessa expans\u00e3o, o Programa criou em 1999 a \u00eanfase em F\u00edsica Biomolecular dentro da \u00e1rea de F\u00edsica Aplicada.<\/p>\n<p>Em 2019, adequamos as \u00e1reas do Programa seguindo a legisla\u00e7\u00e3o atual da USP. Dividimos o programa em tr\u00eas \u00e1reas: F\u00edsica Te\u00f3rica e Experimental, F\u00edsica Biomolecular e F\u00edsica Computacional. A nova divis\u00e3o evita desnecess\u00e1rias subdivis\u00f5es em \u00eanfases e reflete a consolida\u00e7\u00e3o das \u00e1reas de F\u00edsica Biomolecular e F\u00edsica Computacional.<\/p>\n<p>Recentemente, o Programa n\u00e3o somente manteve o n\u00edvel de qualidade presente desde sua funda\u00e7\u00e3o, mas tamb\u00e9m aumentou sua inser\u00e7\u00e3o nas atividades de pesquisa que geram produtos e processos diretamente aplicados \u00e0 melhoria das condi\u00e7\u00f5es de vida da nossa sociedade. A participa\u00e7\u00e3o de estudantes na gera\u00e7\u00e3o de patentes \u00e9 um dos exemplos dessa inser\u00e7\u00e3o que ser\u00e1 discutida abaixo. O Programa se consolidou como o segundo maior programa em f\u00edsica do Brasil em n\u00fameros absolutos de orientadores e estudantes e em n\u00famero de defesas de teses e disserta\u00e7\u00f5es alcan\u00e7ando clara lideran\u00e7a em v\u00e1rios aspectos do cen\u00e1rio brasileiro de pesquisa e p\u00f3s-gradua\u00e7\u00e3o.<\/p>\n<p>A evolu\u00e7\u00e3o do n\u00famero de discentes e defesas mostram um crescimento acentuado da pesquisa e forma\u00e7\u00e3o de pessoal qualificado decorrente do Programa. Em 31 de dezembro de 2020 atingimos 809 teses e 1007 disserta\u00e7\u00f5es defendidas no Programa. Acreditamos que esses dados e outros discutidos abaixo s\u00e3o compat\u00edveis com a nota m\u00e1xima concedida pela CAPES \u00e0 este Programa desde o in\u00edcio das avalia\u00e7\u00f5es: de 1975 a 1995 teve conceito A e desde 1995 tem nota sete.<\/p>\n","protected":false},"excerpt":{"rendered":"<p>O Programa de P\u00f3s-Gradua\u00e7\u00e3o em F\u00edsica foi criado em 1969 com sede na Escola de Engenharia de S\u00e3o Carlos (EESC) da Universidade de S\u00e3o Paulo no campus situado na cidade de S\u00e3o Carlos, interior do estado de S\u00e3o Paulo. Em 1971, o Instituto de F\u00edsica e Qu\u00edmica de S\u00e3o Carlos (IFQSC) foi criado como desmembramento [&hellip;]<\/p>\n","protected":false},"author":2,"featured_media":0,"parent":0,"menu_order":0,"comment_status":"closed","ping_status":"closed","template":"","meta":{"footnotes":""},"class_list":["post-8490","page","type-page","status-publish","hentry"],"yoast_head":"<!-- This site is optimized with the Yoast SEO plugin v27.5 - https:\/\/yoast.com\/product\/yoast-seo-wordpress\/ -->\n<title>Apresenta\u00e7\u00e3o do programa - P\u00f3s-Gradua\u00e7\u00e3o IFSC<\/title>\n<meta name=\"robots\" content=\"index, follow, max-snippet:-1, max-image-preview:large, max-video-preview:-1\" \/>\n<link rel=\"canonical\" href=\"https:\/\/www2.ifsc.usp.br\/pos\/apresentacao-do-programa\/\" \/>\n<meta property=\"og:locale\" content=\"pt_BR\" \/>\n<meta property=\"og:type\" content=\"article\" \/>\n<meta property=\"og:title\" content=\"Apresenta\u00e7\u00e3o do programa - P\u00f3s-Gradua\u00e7\u00e3o IFSC\" \/>\n<meta property=\"og:description\" content=\"O Programa de P\u00f3s-Gradua\u00e7\u00e3o em F\u00edsica foi criado em 1969 com sede na Escola de Engenharia de S\u00e3o Carlos (EESC) da Universidade de S\u00e3o Paulo no campus situado na cidade de S\u00e3o Carlos, interior do estado de S\u00e3o Paulo. Em 1971, o Instituto de F\u00edsica e Qu\u00edmica de S\u00e3o Carlos (IFQSC) foi criado como desmembramento [&hellip;]\" \/>\n<meta property=\"og:url\" content=\"https:\/\/www2.ifsc.usp.br\/pos\/apresentacao-do-programa\/\" \/>\n<meta property=\"og:site_name\" content=\"P\u00f3s-Gradua\u00e7\u00e3o IFSC\" \/>\n<meta property=\"article:modified_time\" content=\"2020-12-22T12:10:42+00:00\" \/>\n<meta name=\"twitter:card\" content=\"summary_large_image\" \/>\n<meta name=\"twitter:label1\" content=\"Est. tempo de leitura\" \/>\n\t<meta name=\"twitter:data1\" content=\"3 minutos\" \/>\n<script type=\"application\/ld+json\" class=\"yoast-schema-graph\">{\"@context\":\"https:\\\/\\\/schema.org\",\"@graph\":[{\"@type\":\"WebPage\",\"@id\":\"https:\\\/\\\/www2.ifsc.usp.br\\\/pos\\\/apresentacao-do-programa\\\/\",\"url\":\"https:\\\/\\\/www2.ifsc.usp.br\\\/pos\\\/apresentacao-do-programa\\\/\",\"name\":\"Apresenta\u00e7\u00e3o do programa - P\u00f3s-Gradua\u00e7\u00e3o IFSC\",\"isPartOf\":{\"@id\":\"https:\\\/\\\/www2.ifsc.usp.br\\\/pos\\\/#website\"},\"datePublished\":\"2017-05-03T13:33:45+00:00\",\"dateModified\":\"2020-12-22T12:10:42+00:00\",\"breadcrumb\":{\"@id\":\"https:\\\/\\\/www2.ifsc.usp.br\\\/pos\\\/apresentacao-do-programa\\\/#breadcrumb\"},\"inLanguage\":\"pt-BR\",\"potentialAction\":[{\"@type\":\"ReadAction\",\"target\":[\"https:\\\/\\\/www2.ifsc.usp.br\\\/pos\\\/apresentacao-do-programa\\\/\"]}]},{\"@type\":\"BreadcrumbList\",\"@id\":\"https:\\\/\\\/www2.ifsc.usp.br\\\/pos\\\/apresentacao-do-programa\\\/#breadcrumb\",\"itemListElement\":[{\"@type\":\"ListItem\",\"position\":1,\"name\":\"Home\",\"item\":\"https:\\\/\\\/www2.ifsc.usp.br\\\/pos\\\/\"},{\"@type\":\"ListItem\",\"position\":2,\"name\":\"Apresenta\u00e7\u00e3o do programa\"}]},{\"@type\":\"WebSite\",\"@id\":\"https:\\\/\\\/www2.ifsc.usp.br\\\/pos\\\/#website\",\"url\":\"https:\\\/\\\/www2.ifsc.usp.br\\\/pos\\\/\",\"name\":\"P\u00f3s-Gradua\u00e7\u00e3o IFSC\",\"description\":\"Instituto de F\u00edsica de S\u00e3o Carlos\",\"potentialAction\":[{\"@type\":\"SearchAction\",\"target\":{\"@type\":\"EntryPoint\",\"urlTemplate\":\"https:\\\/\\\/www2.ifsc.usp.br\\\/pos\\\/?s={search_term_string}\"},\"query-input\":{\"@type\":\"PropertyValueSpecification\",\"valueRequired\":true,\"valueName\":\"search_term_string\"}}],\"inLanguage\":\"pt-BR\"}]}<\/script>\n<!-- \/ Yoast SEO plugin. -->","yoast_head_json":{"title":"Apresenta\u00e7\u00e3o do programa - P\u00f3s-Gradua\u00e7\u00e3o IFSC","robots":{"index":"index","follow":"follow","max-snippet":"max-snippet:-1","max-image-preview":"max-image-preview:large","max-video-preview":"max-video-preview:-1"},"canonical":"https:\/\/www2.ifsc.usp.br\/pos\/apresentacao-do-programa\/","og_locale":"pt_BR","og_type":"article","og_title":"Apresenta\u00e7\u00e3o do programa - P\u00f3s-Gradua\u00e7\u00e3o IFSC","og_description":"O Programa de P\u00f3s-Gradua\u00e7\u00e3o em F\u00edsica foi criado em 1969 com sede na Escola de Engenharia de S\u00e3o Carlos (EESC) da Universidade de S\u00e3o Paulo no campus situado na cidade de S\u00e3o Carlos, interior do estado de S\u00e3o Paulo. Em 1971, o Instituto de F\u00edsica e Qu\u00edmica de S\u00e3o Carlos (IFQSC) foi criado como desmembramento [&hellip;]","og_url":"https:\/\/www2.ifsc.usp.br\/pos\/apresentacao-do-programa\/","og_site_name":"P\u00f3s-Gradua\u00e7\u00e3o IFSC","article_modified_time":"2020-12-22T12:10:42+00:00","twitter_card":"summary_large_image","twitter_misc":{"Est. tempo de leitura":"3 minutos"},"schema":{"@context":"https:\/\/schema.org","@graph":[{"@type":"WebPage","@id":"https:\/\/www2.ifsc.usp.br\/pos\/apresentacao-do-programa\/","url":"https:\/\/www2.ifsc.usp.br\/pos\/apresentacao-do-programa\/","name":"Apresenta\u00e7\u00e3o do programa - P\u00f3s-Gradua\u00e7\u00e3o IFSC","isPartOf":{"@id":"https:\/\/www2.ifsc.usp.br\/pos\/#website"},"datePublished":"2017-05-03T13:33:45+00:00","dateModified":"2020-12-22T12:10:42+00:00","breadcrumb":{"@id":"https:\/\/www2.ifsc.usp.br\/pos\/apresentacao-do-programa\/#breadcrumb"},"inLanguage":"pt-BR","potentialAction":[{"@type":"ReadAction","target":["https:\/\/www2.ifsc.usp.br\/pos\/apresentacao-do-programa\/"]}]},{"@type":"BreadcrumbList","@id":"https:\/\/www2.ifsc.usp.br\/pos\/apresentacao-do-programa\/#breadcrumb","itemListElement":[{"@type":"ListItem","position":1,"name":"Home","item":"https:\/\/www2.ifsc.usp.br\/pos\/"},{"@type":"ListItem","position":2,"name":"Apresenta\u00e7\u00e3o do programa"}]},{"@type":"WebSite","@id":"https:\/\/www2.ifsc.usp.br\/pos\/#website","url":"https:\/\/www2.ifsc.usp.br\/pos\/","name":"P\u00f3s-Gradua\u00e7\u00e3o IFSC","description":"Instituto de F\u00edsica de S\u00e3o Carlos","potentialAction":[{"@type":"SearchAction","target":{"@type":"EntryPoint","urlTemplate":"https:\/\/www2.ifsc.usp.br\/pos\/?s={search_term_string}"},"query-input":{"@type":"PropertyValueSpecification","valueRequired":true,"valueName":"search_term_string"}}],"inLanguage":"pt-BR"}]}},"_links":{"self":[{"href":"https:\/\/www2.ifsc.usp.br\/pos\/wp-json\/wp\/v2\/pages\/8490","targetHints":{"allow":["GET"]}}],"collection":[{"href":"https:\/\/www2.ifsc.usp.br\/pos\/wp-json\/wp\/v2\/pages"}],"about":[{"href":"https:\/\/www2.ifsc.usp.br\/pos\/wp-json\/wp\/v2\/types\/page"}],"author":[{"embeddable":true,"href":"https:\/\/www2.ifsc.usp.br\/pos\/wp-json\/wp\/v2\/users\/2"}],"replies":[{"embeddable":true,"href":"https:\/\/www2.ifsc.usp.br\/pos\/wp-json\/wp\/v2\/comments?post=8490"}],"version-history":[{"count":8,"href":"https:\/\/www2.ifsc.usp.br\/pos\/wp-json\/wp\/v2\/pages\/8490\/revisions"}],"predecessor-version":[{"id":10868,"href":"https:\/\/www2.ifsc.usp.br\/pos\/wp-json\/wp\/v2\/pages\/8490\/revisions\/10868"}],"wp:attachment":[{"href":"https:\/\/www2.ifsc.usp.br\/pos\/wp-json\/wp\/v2\/media?parent=8490"}],"curies":[{"name":"wp","href":"https:\/\/api.w.org\/{rel}","templated":true}]}}