{"id":8403,"date":"2022-02-18T11:51:30","date_gmt":"2022-02-18T14:51:30","guid":{"rendered":"http:\/\/www2.ifsc.usp.br\/graduacao\/?page_id=8403"},"modified":"2026-03-17T14:59:27","modified_gmt":"2026-03-17T17:59:27","slug":"formularios","status":"publish","type":"page","link":"https:\/\/www2.ifsc.usp.br\/graduacao\/formularios\/","title":{"rendered":"Formul\u00e1rios"},"content":{"rendered":"<p>[vc_row rt_row_background_width=&#8221;default&#8221; rt_row_style=&#8221;default-style&#8221; rt_row_borders=&#8221;&#8221; rt_row_paddings=&#8221;true&#8221; rt_bg_effect=&#8221;classic&#8221; rt_bg_image_repeat=&#8221;repeat&#8221; rt_bg_size=&#8221;cover&#8221; rt_bg_position=&#8221;right top&#8221; rt_bg_attachment=&#8221;scroll&#8221; rt_bg_video_format=&#8221;self-hosted&#8221;][vc_column rt_wrp_col_paddings=&#8221;false&#8221; rt_border_top=&#8221;&#8221; rt_border_bottom=&#8221;&#8221; rt_border_left=&#8221;&#8221; rt_border_right=&#8221;&#8221; rt_border_top_mobile=&#8221;&#8221; rt_border_bottom_mobile=&#8221;&#8221; rt_border_left_mobile=&#8221;&#8221; rt_border_right_mobile=&#8221;&#8221; rt_bg_image_repeat=&#8221;repeat&#8221; rt_bg_size=&#8221;auto auto&#8221; rt_bg_position=&#8221;right top&#8221; rt_bg_attachment=&#8221;scroll&#8221;][vc_column_text]<\/p>\n<ul>\n<li><a href=\"http:\/\/www2.ifsc.usp.br\/graduacao\/wp-content\/uploads\/2020\/07\/Form_ABONOFALTA.docx\">Abono de falta<\/a><\/li>\n<li>Altera\u00e7\u00e3o de Nota e Frequ\u00eancia &#8211; <a href=\"http:\/\/www2.ifsc.usp.br\/graduacao\/wp-content\/uploads\/2022\/01\/Form_Altera_Freq_Nota_NOVO.docx\">[DOCX]<\/a> \u00a0<a href=\"http:\/\/www2.ifsc.usp.br\/graduacao\/wp-content\/uploads\/2022\/01\/Form_Altera_Freq_Nota_NOVO.pdf\">[PDF]<\/a><\/li>\n<li><a href=\"https:\/\/forms.gle\/VDQEdy38WAehmSfa7\" target=\"_blank\" rel=\"noopener\">Aproveitamento de Estudos\/Dispensa Espec\u00edfica<\/a><\/li>\n<li><a href=\"https:\/\/forms.gle\/Y8Uj2MDAzca5hAGYA\" target=\"_blank\" rel=\"noopener\">Aproveitamento de Estudos \u2013 Disciplinas com siglas iguais<\/a><\/li>\n<li><a href=\"https:\/\/forms.gle\/1zrhucCaZ7rK1R5P6\" target=\"_blank\" rel=\"noopener\">Atividades Te\u00f3rico-Pr\u00e1ticas de Aprofundamento (ATPA)<\/a><\/li>\n<li><a href=\"https:\/\/forms.gle\/RbAGpE94WQmAna5H8\" target=\"_blank\" rel=\"noopener\">Convers\u00e3o de optativa eletiva em livre<\/a><\/li>\n<li><a href=\"http:\/\/www2.ifsc.usp.br\/graduacao\/wp-content\/uploads\/2017\/06\/2017Form_DisciplinaOutraUniversidade.doc\">Cursar disciplina em outra Universidade ou Cidade<\/a><\/li>\n<li><a href=\"https:\/\/forms.gle\/4caELk7PVLFhBP3d9\" target=\"_blank\" rel=\"noopener\">Exclus\u00e3o de disciplina<\/a><\/li>\n<li><a href=\"https:\/\/forms.gle\/FPsYWqyAqvFruRiJ8\" target=\"_blank\" rel=\"noopener\">Op\u00e7\u00e3o pela Habilita\u00e7\u00e3o<\/a><\/li>\n<li><a href=\"http:\/\/www2.ifsc.usp.br\/graduacao\/wp-content\/uploads\/2024\/10\/Form_Afastamento_MEDICO2024.docx\">Regime de exerc\u00edcios domiciliares e atividades compensat\u00f3rias<\/a>\u00a0(imprimir frente e verso)<\/li>\n<li><a href=\"http:\/\/www2.ifsc.usp.br\/graduacao\/wp-content\/uploads\/2017\/04\/FormReq_Matricula_IFSC.doc\">Requerimento de Matr\u00edcula (Para matr\u00edcula fora do prazo)<\/a><\/li>\n<li><a href=\"https:\/\/forms.gle\/bTztDv3hjLEfT8so9\" target=\"_blank\" rel=\"noopener\">Solicita\u00e7\u00e3o de matr\u00edcula com menos de 12 cr\u00e9ditos<\/a><\/li>\n<li><a href=\"https:\/\/forms.gle\/wvGagb7cXvxX3aBh6\" target=\"_blank\" rel=\"noopener\">Trancamento de disciplina<\/a><\/li>\n<li><a href=\"http:\/\/www2.ifsc.usp.br\/graduacao\/wp-content\/uploads\/2024\/01\/Form_TrancamentoTotalMatricula.docx\">Trancamento Total de Matr\u00edcula<\/a><\/li>\n<\/ul>\n<p>[\/vc_column_text][\/vc_column][vc_column rt_wrp_col_paddings=&#8221;false&#8221; rt_border_top=&#8221;&#8221; rt_border_bottom=&#8221;&#8221; rt_border_left=&#8221;&#8221; rt_border_right=&#8221;&#8221; rt_border_top_mobile=&#8221;&#8221; rt_border_bottom_mobile=&#8221;&#8221; rt_border_left_mobile=&#8221;&#8221; rt_border_right_mobile=&#8221;&#8221; rt_bg_image_repeat=&#8221;repeat&#8221; rt_bg_size=&#8221;auto auto&#8221; rt_bg_position=&#8221;right top&#8221; rt_bg_attachment=&#8221;scroll&#8221;][\/vc_column][\/vc_row]<\/p>\n","protected":false},"excerpt":{"rendered":"<p>[vc_row rt_row_background_width=&#8221;default&#8221; rt_row_style=&#8221;default-style&#8221; rt_row_borders=&#8221;&#8221; rt_row_paddings=&#8221;true&#8221; rt_bg_effect=&#8221;classic&#8221; rt_bg_image_repeat=&#8221;repeat&#8221; rt_bg_size=&#8221;cover&#8221; rt_bg_position=&#8221;right top&#8221; rt_bg_attachment=&#8221;scroll&#8221; rt_bg_video_format=&#8221;self-hosted&#8221;][vc_column rt_wrp_col_paddings=&#8221;false&#8221; rt_border_top=&#8221;&#8221; rt_border_bottom=&#8221;&#8221; rt_border_left=&#8221;&#8221; rt_border_right=&#8221;&#8221; rt_border_top_mobile=&#8221;&#8221; rt_border_bottom_mobile=&#8221;&#8221; rt_border_left_mobile=&#8221;&#8221; rt_border_right_mobile=&#8221;&#8221; rt_bg_image_repeat=&#8221;repeat&#8221; rt_bg_size=&#8221;auto auto&#8221; rt_bg_position=&#8221;right top&#8221; rt_bg_attachment=&#8221;scroll&#8221;][vc_column_text] Abono de falta Altera\u00e7\u00e3o de Nota e Frequ\u00eancia &#8211; [DOCX] \u00a0[PDF] Aproveitamento de Estudos\/Dispensa Espec\u00edfica Aproveitamento de Estudos \u2013 Disciplinas com siglas iguais Atividades Te\u00f3rico-Pr\u00e1ticas de Aprofundamento (ATPA) [&hellip;]<\/p>\n","protected":false},"author":2,"featured_media":0,"parent":0,"menu_order":0,"comment_status":"closed","ping_status":"closed","template":"","meta":{"footnotes":""},"class_list":["post-8403","page","type-page","status-publish","hentry"],"yoast_head":"<!-- This site is optimized with the Yoast SEO plugin v27.1.1 - https:\/\/yoast.com\/product\/yoast-seo-wordpress\/ -->\n<title>Formul\u00e1rios - Gradua\u00e7\u00e3o IFSC USP<\/title>\n<meta name=\"robots\" content=\"index, follow, max-snippet:-1, max-image-preview:large, max-video-preview:-1\" \/>\n<link rel=\"canonical\" href=\"https:\/\/www2.ifsc.usp.br\/graduacao\/formularios\/\" \/>\n<meta property=\"og:locale\" content=\"pt_BR\" \/>\n<meta property=\"og:type\" content=\"article\" \/>\n<meta property=\"og:title\" content=\"Formul\u00e1rios - Gradua\u00e7\u00e3o IFSC USP\" \/>\n<meta property=\"og:description\" content=\"[vc_row rt_row_background_width=&#8221;default&#8221; rt_row_style=&#8221;default-style&#8221; rt_row_borders=&#8221;&#8221; rt_row_paddings=&#8221;true&#8221; rt_bg_effect=&#8221;classic&#8221; rt_bg_image_repeat=&#8221;repeat&#8221; rt_bg_size=&#8221;cover&#8221; rt_bg_position=&#8221;right top&#8221; rt_bg_attachment=&#8221;scroll&#8221; rt_bg_video_format=&#8221;self-hosted&#8221;][vc_column rt_wrp_col_paddings=&#8221;false&#8221; rt_border_top=&#8221;&#8221; rt_border_bottom=&#8221;&#8221; rt_border_left=&#8221;&#8221; rt_border_right=&#8221;&#8221; rt_border_top_mobile=&#8221;&#8221; rt_border_bottom_mobile=&#8221;&#8221; rt_border_left_mobile=&#8221;&#8221; rt_border_right_mobile=&#8221;&#8221; rt_bg_image_repeat=&#8221;repeat&#8221; rt_bg_size=&#8221;auto auto&#8221; rt_bg_position=&#8221;right top&#8221; rt_bg_attachment=&#8221;scroll&#8221;][vc_column_text] Abono de falta Altera\u00e7\u00e3o de Nota e Frequ\u00eancia &#8211; [DOCX] \u00a0[PDF] Aproveitamento de Estudos\/Dispensa Espec\u00edfica Aproveitamento de Estudos \u2013 Disciplinas com siglas iguais Atividades Te\u00f3rico-Pr\u00e1ticas de Aprofundamento (ATPA) [&hellip;]\" \/>\n<meta property=\"og:url\" content=\"https:\/\/www2.ifsc.usp.br\/graduacao\/formularios\/\" \/>\n<meta property=\"og:site_name\" content=\"Gradua\u00e7\u00e3o IFSC USP\" \/>\n<meta property=\"article:modified_time\" content=\"2026-03-17T17:59:27+00:00\" \/>\n<meta name=\"twitter:card\" content=\"summary_large_image\" \/>\n<meta name=\"twitter:label1\" content=\"Est. tempo de leitura\" \/>\n\t<meta name=\"twitter:data1\" content=\"1 minuto\" \/>\n<script type=\"application\/ld+json\" class=\"yoast-schema-graph\">{\"@context\":\"https:\/\/schema.org\",\"@graph\":[{\"@type\":\"WebPage\",\"@id\":\"https:\/\/www2.ifsc.usp.br\/graduacao\/formularios\/\",\"url\":\"https:\/\/www2.ifsc.usp.br\/graduacao\/formularios\/\",\"name\":\"Formul\u00e1rios - Gradua\u00e7\u00e3o IFSC USP\",\"isPartOf\":{\"@id\":\"https:\/\/www2.ifsc.usp.br\/graduacao\/#website\"},\"datePublished\":\"2022-02-18T14:51:30+00:00\",\"dateModified\":\"2026-03-17T17:59:27+00:00\",\"breadcrumb\":{\"@id\":\"https:\/\/www2.ifsc.usp.br\/graduacao\/formularios\/#breadcrumb\"},\"inLanguage\":\"pt-BR\",\"potentialAction\":[{\"@type\":\"ReadAction\",\"target\":[\"https:\/\/www2.ifsc.usp.br\/graduacao\/formularios\/\"]}]},{\"@type\":\"BreadcrumbList\",\"@id\":\"https:\/\/www2.ifsc.usp.br\/graduacao\/formularios\/#breadcrumb\",\"itemListElement\":[{\"@type\":\"ListItem\",\"position\":1,\"name\":\"Home\",\"item\":\"https:\/\/www2.ifsc.usp.br\/graduacao\/\"},{\"@type\":\"ListItem\",\"position\":2,\"name\":\"Formul\u00e1rios\"}]},{\"@type\":\"WebSite\",\"@id\":\"https:\/\/www2.ifsc.usp.br\/graduacao\/#website\",\"url\":\"https:\/\/www2.ifsc.usp.br\/graduacao\/\",\"name\":\"Gradua\u00e7\u00e3o IFSC USP\",\"description\":\"Instituto de F\u00edsica de S\u00e3o Carlos\",\"potentialAction\":[{\"@type\":\"SearchAction\",\"target\":{\"@type\":\"EntryPoint\",\"urlTemplate\":\"https:\/\/www2.ifsc.usp.br\/graduacao\/?s={search_term_string}\"},\"query-input\":{\"@type\":\"PropertyValueSpecification\",\"valueRequired\":true,\"valueName\":\"search_term_string\"}}],\"inLanguage\":\"pt-BR\"}]}<\/script>\n<!-- \/ Yoast SEO plugin. -->","yoast_head_json":{"title":"Formul\u00e1rios - Gradua\u00e7\u00e3o IFSC USP","robots":{"index":"index","follow":"follow","max-snippet":"max-snippet:-1","max-image-preview":"max-image-preview:large","max-video-preview":"max-video-preview:-1"},"canonical":"https:\/\/www2.ifsc.usp.br\/graduacao\/formularios\/","og_locale":"pt_BR","og_type":"article","og_title":"Formul\u00e1rios - Gradua\u00e7\u00e3o IFSC USP","og_description":"[vc_row rt_row_background_width=&#8221;default&#8221; rt_row_style=&#8221;default-style&#8221; rt_row_borders=&#8221;&#8221; rt_row_paddings=&#8221;true&#8221; rt_bg_effect=&#8221;classic&#8221; rt_bg_image_repeat=&#8221;repeat&#8221; rt_bg_size=&#8221;cover&#8221; rt_bg_position=&#8221;right top&#8221; rt_bg_attachment=&#8221;scroll&#8221; rt_bg_video_format=&#8221;self-hosted&#8221;][vc_column rt_wrp_col_paddings=&#8221;false&#8221; rt_border_top=&#8221;&#8221; rt_border_bottom=&#8221;&#8221; rt_border_left=&#8221;&#8221; rt_border_right=&#8221;&#8221; rt_border_top_mobile=&#8221;&#8221; rt_border_bottom_mobile=&#8221;&#8221; rt_border_left_mobile=&#8221;&#8221; rt_border_right_mobile=&#8221;&#8221; rt_bg_image_repeat=&#8221;repeat&#8221; rt_bg_size=&#8221;auto auto&#8221; rt_bg_position=&#8221;right top&#8221; rt_bg_attachment=&#8221;scroll&#8221;][vc_column_text] Abono de falta Altera\u00e7\u00e3o de Nota e Frequ\u00eancia &#8211; [DOCX] \u00a0[PDF] Aproveitamento de Estudos\/Dispensa Espec\u00edfica Aproveitamento de Estudos \u2013 Disciplinas com siglas iguais Atividades Te\u00f3rico-Pr\u00e1ticas de Aprofundamento (ATPA) [&hellip;]","og_url":"https:\/\/www2.ifsc.usp.br\/graduacao\/formularios\/","og_site_name":"Gradua\u00e7\u00e3o IFSC USP","article_modified_time":"2026-03-17T17:59:27+00:00","twitter_card":"summary_large_image","twitter_misc":{"Est. tempo de leitura":"1 minuto"},"schema":{"@context":"https:\/\/schema.org","@graph":[{"@type":"WebPage","@id":"https:\/\/www2.ifsc.usp.br\/graduacao\/formularios\/","url":"https:\/\/www2.ifsc.usp.br\/graduacao\/formularios\/","name":"Formul\u00e1rios - Gradua\u00e7\u00e3o IFSC USP","isPartOf":{"@id":"https:\/\/www2.ifsc.usp.br\/graduacao\/#website"},"datePublished":"2022-02-18T14:51:30+00:00","dateModified":"2026-03-17T17:59:27+00:00","breadcrumb":{"@id":"https:\/\/www2.ifsc.usp.br\/graduacao\/formularios\/#breadcrumb"},"inLanguage":"pt-BR","potentialAction":[{"@type":"ReadAction","target":["https:\/\/www2.ifsc.usp.br\/graduacao\/formularios\/"]}]},{"@type":"BreadcrumbList","@id":"https:\/\/www2.ifsc.usp.br\/graduacao\/formularios\/#breadcrumb","itemListElement":[{"@type":"ListItem","position":1,"name":"Home","item":"https:\/\/www2.ifsc.usp.br\/graduacao\/"},{"@type":"ListItem","position":2,"name":"Formul\u00e1rios"}]},{"@type":"WebSite","@id":"https:\/\/www2.ifsc.usp.br\/graduacao\/#website","url":"https:\/\/www2.ifsc.usp.br\/graduacao\/","name":"Gradua\u00e7\u00e3o IFSC USP","description":"Instituto de F\u00edsica de S\u00e3o Carlos","potentialAction":[{"@type":"SearchAction","target":{"@type":"EntryPoint","urlTemplate":"https:\/\/www2.ifsc.usp.br\/graduacao\/?s={search_term_string}"},"query-input":{"@type":"PropertyValueSpecification","valueRequired":true,"valueName":"search_term_string"}}],"inLanguage":"pt-BR"}]}},"_links":{"self":[{"href":"https:\/\/www2.ifsc.usp.br\/graduacao\/wp-json\/wp\/v2\/pages\/8403","targetHints":{"allow":["GET"]}}],"collection":[{"href":"https:\/\/www2.ifsc.usp.br\/graduacao\/wp-json\/wp\/v2\/pages"}],"about":[{"href":"https:\/\/www2.ifsc.usp.br\/graduacao\/wp-json\/wp\/v2\/types\/page"}],"author":[{"embeddable":true,"href":"https:\/\/www2.ifsc.usp.br\/graduacao\/wp-json\/wp\/v2\/users\/2"}],"replies":[{"embeddable":true,"href":"https:\/\/www2.ifsc.usp.br\/graduacao\/wp-json\/wp\/v2\/comments?post=8403"}],"version-history":[{"count":88,"href":"https:\/\/www2.ifsc.usp.br\/graduacao\/wp-json\/wp\/v2\/pages\/8403\/revisions"}],"predecessor-version":[{"id":12619,"href":"https:\/\/www2.ifsc.usp.br\/graduacao\/wp-json\/wp\/v2\/pages\/8403\/revisions\/12619"}],"wp:attachment":[{"href":"https:\/\/www2.ifsc.usp.br\/graduacao\/wp-json\/wp\/v2\/media?parent=8403"}],"curies":[{"name":"wp","href":"https:\/\/api.w.org\/{rel}","templated":true}]}}