{"id":8657,"date":"2019-07-17T16:47:01","date_gmt":"2019-07-17T19:47:01","guid":{"rendered":"https:\/\/www2.ifsc.usp.br\/biblioteca\/?page_id=8657"},"modified":"2019-12-09T11:16:58","modified_gmt":"2019-12-09T14:16:58","slug":"historico","status":"publish","type":"page","link":"https:\/\/www2.ifsc.usp.br\/biblioteca\/historico\/","title":{"rendered":"Hist\u00f3rico"},"content":{"rendered":"<p>[vc_row rt_row_background_width=&#8221;default&#8221; rt_row_style=&#8221;default-style&#8221; rt_row_borders=&#8221;&#8221; rt_row_paddings=&#8221;true&#8221; rt_bg_effect=&#8221;classic&#8221; rt_bg_image_repeat=&#8221;repeat&#8221; rt_bg_size=&#8221;cover&#8221; rt_bg_position=&#8221;right top&#8221; rt_bg_attachment=&#8221;scroll&#8221; rt_bg_video_format=&#8221;self-hosted&#8221;][vc_column width=&#8221;1\/2&#8243; rt_wrp_col_paddings=&#8221;false&#8221; rt_border_top=&#8221;&#8221; rt_border_bottom=&#8221;&#8221; rt_border_left=&#8221;&#8221; rt_border_right=&#8221;&#8221; rt_border_top_mobile=&#8221;&#8221; rt_border_bottom_mobile=&#8221;&#8221; rt_border_left_mobile=&#8221;&#8221; rt_border_right_mobile=&#8221;&#8221; rt_bg_image_repeat=&#8221;repeat&#8221; rt_bg_size=&#8221;auto auto&#8221; rt_bg_position=&#8221;right top&#8221; rt_bg_attachment=&#8221;scroll&#8221; rt_padding_left=&#8221;100&#8243; rt_padding_top=&#8221;30&#8243; rt_padding_bottom=&#8221;30&#8243;][vc_column_text]O Servi\u00e7o de Biblioteca e Informa\u00e7\u00e3o\u00a0<strong>do Instituto de F\u00edsica de S\u00e3o Carlos<\/strong> teve sua origem no Departamento de F\u00edsica Geral e Experimental da Escola de Engenharia de S\u00e3o Carlos-EESC. Com o passar dos anos, o volume de trabalhos cient\u00edficos desenvolvidos naquele Departamento justificava plenamente sua emancipa\u00e7\u00e3o, tornando-o unidade aut\u00f4noma. Em <strong>1971<\/strong>, foi criado o Instituto de F\u00edsica e Qu\u00edmica de S\u00e3o Carlos formado por dois novos Departamentos: o Departamento de F\u00edsica e Ci\u00eancia dos Materiais e o Departamento de Qu\u00edmica e F\u00edsica Molecular, com suas respectivas Bibliotecas. O acervo dessas Bibliotecas foi, em grande parte, formado pela transfer\u00eancia de material bibliogr\u00e1fico da Biblioteca da EESC. Em <strong>25.09.1981<\/strong>, com o objetivo de normaliza\u00e7\u00e3o, padroniza\u00e7\u00e3o dos servi\u00e7os e a integra\u00e7\u00e3o e representa\u00e7\u00e3o das Bibliotecas com o Sistema Integrado de Bibliotecas da USP, criado <strong>em 08 de julho de 1981<\/strong>, foi institu\u00edda a Biblioteca do Instituto de F\u00edsica e Qu\u00edmica de S\u00e3o Carlos, incorporando tamb\u00e9m a Biblioteca do Centro de Divulga\u00e7\u00e3o Cient\u00edfica e Cultural, criada em <strong>30.05.1980<\/strong>. Essa medida favoreceu um atendimento mais eficaz aos seus usu\u00e1rios, mas n\u00e3o a centraliza\u00e7\u00e3o de seus acervos, pois os mesmos continuaram alocados em seus Departamentos. Em\u00a0<strong>05.03.1986<\/strong>, devido ao expressivo volume do seu acervo, \u00e1rea, n\u00famero de usu\u00e1rios e variedade na presta\u00e7\u00e3o de servi\u00e7os, a Biblioteca do IFQSC teve sua estrutura alterada para n\u00edvel de Servi\u00e7o, de acordo com os padr\u00f5es estabelecidos pelo SIBI-USP. Em\u00a0<strong>17.05.1994<\/strong>, com a divis\u00e3o do Instituto de F\u00edsica e Qu\u00edmica de S\u00e3o Carlos em Instituto de F\u00edsica e Instituto de Qu\u00edmica, as Bibliotecas dos Departamentos passaram a pertencer a cada Instituto, respectivamente. Em\u00a0<strong>2001<\/strong>, com o apoio da dire\u00e7\u00e3o e docentes do IFSC, foi poss\u00edvel, com recursos da pr\u00f3pria Universidade, a constru\u00e7\u00e3o de um novo pr\u00e9dio, no qual a Biblioteca ocupa uma \u00e1rea de 1.560m<sup>2<\/sup>. Com recursos provenientes de projetos de infraestrutura apoiados pela FAPESP, esse espa\u00e7o foi otimizado com a proposta de um layout cuidadosamente planejado e, em\u00a0<strong>2002<\/strong>, em homenagem ao Prof. Bernhard Gross, a Biblioteca passou a ser designada\u00a0 <strong>Servi\u00e7o de Biblioteca e Informa\u00e7\u00e3o Prof. Bernhard Gross<\/strong>. Seu espa\u00e7o passou a contemplar ambientes para estudo em grupo e individual, sala de pesquisa, sala para audiovisual, \u00e1rea apropriada para leitura de novos peri\u00f3dicos e \u00e1reas adequadas para o acervo e servi\u00e7os. Esses investimentos permitiram um uso mais eficiente do excelente acervo de nossa Biblioteca, proporcionando melhores condi\u00e7\u00f5es aos nossos usu\u00e1rios no desenvolvimento de seus estudos e pesquisas. A manuten\u00e7\u00e3o e a atualiza\u00e7\u00e3o do acervo sempre foram motivos de preocupa\u00e7\u00e3o constante da dire\u00e7\u00e3o do Instituto, corpo docente e da Biblioteca. Desde sua cria\u00e7\u00e3o, foram solicitados recursos \u00e0s ag\u00eancias de fomento para aquisi\u00e7\u00e3o de material bibliogr\u00e1fico, complementando assim, os investimentos feitos pela Universidade. Em sua maioria, os recursos eram obtidos junto \u00e0s ag\u00eancias BNDE\/FUNTEC, FINEP, CAPES, CNPq e BID, e posteriormente \u00e0 FAPESP. A manuten\u00e7\u00e3o e atualiza\u00e7\u00e3o do acervo, o atendimento ao usu\u00e1rio e a sua satisfa\u00e7\u00e3o em rela\u00e7\u00e3o \u00e0 presta\u00e7\u00e3o dos servi\u00e7os oferecidos pela Biblioteca, fizeram com que se buscasse sempre o aperfei\u00e7oamento atrav\u00e9s do aprimoramento t\u00e9cnico da equipe e a implementa\u00e7\u00e3o de novas tecnologias de informa\u00e7\u00e3o, que permitiram aos nossos usu\u00e1rios acesso mais r\u00e1pido e[\/vc_column_text][\/vc_column][vc_column width=&#8221;1\/2&#8243; rt_wrp_col_paddings=&#8221;false&#8221; rt_border_top=&#8221;&#8221; rt_border_bottom=&#8221;&#8221; rt_border_left=&#8221;&#8221; rt_border_right=&#8221;&#8221; rt_border_top_mobile=&#8221;&#8221; rt_border_bottom_mobile=&#8221;&#8221; rt_border_left_mobile=&#8221;&#8221; rt_border_right_mobile=&#8221;&#8221; rt_bg_image_repeat=&#8221;repeat&#8221; rt_bg_size=&#8221;auto auto&#8221; rt_bg_position=&#8221;right top&#8221; rt_bg_attachment=&#8221;scroll&#8221; rt_padding_top=&#8221;30&#8243; rt_padding_bottom=&#8221;30&#8243; rt_padding_right=&#8221;100&#8243;][vc_column_text]preciso \u00e0 informa\u00e7\u00e3o e ao documento, contribuindo assim, para o desenvolvimento do ensino e da pesquisa no IFSC. Em\u00a0<strong>2008, <\/strong>aconteceu o reconhecimento externo da qualidade da sua gest\u00e3o e dos servi\u00e7os prestados, com a conquista do Pr\u00eamio Paulista de Qualidade da Gest\u00e3o (PPQG), conferido pelo Instituto Paulista de Excel\u00eancia da Gest\u00e3o (IPEG). A partir de\u00a0<strong>2011<\/strong>, com o objetivo de maior intera\u00e7\u00e3o com os usu\u00e1rios, passamos a usar as redes sociais, compartilhando informa\u00e7\u00f5es sobre servi\u00e7os oferecidos, eventos e not\u00edcias em geral, atrav\u00e9s do Facebook e Twitter.<\/p>\n<p>Desde <strong>2010<\/strong>, a Biblioteca participa e \u00e9 respons\u00e1vel pela organiza\u00e7\u00e3o da Semana da Escrita Cient\u00edfica do IFSC, atualmente Escola de Pesquisadores da USP \u2013 Campus de S\u00e3o Carlos,\u00a0 atividade que tem como objetivo auxiliar os usu\u00e1rios na escrita de seus artigos. Tem participado desde <strong>2011<\/strong> da Semana Integrada do IFSC-SIFSC, ministrando palestras e normalizando o livro de resumos do evento. Em <strong>2012<\/strong>, com o objetivo de fornecer aos usu\u00e1rios mais informa\u00e7\u00f5es sobre Escrita Cient\u00edfica, participou da Cria\u00e7\u00e3o do Portal da Escrita Cient\u00edfica do Campus USP de S\u00e3o Carlos, em parceria com as demais Unidades do Campus e o Centro de Inform\u00e1tica de S\u00e3o Carlos \u2013 CISC, no qual diversas informa\u00e7\u00f5es e recursos sobre escrita cient\u00edfica est\u00e3o reunidos e dispon\u00edveis para acesso e download.<\/p>\n<p>Em <strong>2014<\/strong>, preocupados em capacitar um maior n\u00famero de usu\u00e1rios no uso das fontes de informa\u00e7\u00f5es, desenvolvemos e passamos a oferecer cursos \u00e0 dist\u00e2ncia a todos os usu\u00e1rios, utilizando a plataforma Moodle. Os cursos oferecidos foram: \u201cElabora\u00e7\u00e3o de refer\u00eancias para trabalhos acad\u00eamicos\u201d, \u201cCita\u00e7\u00f5es em trabalhos acad\u00eamicos\u201d e \u201cEstrutura de trabalhos acad\u00eamicos\u201d. Neste mesmo ano, a Biblioteca coordenou a cria\u00e7\u00e3o do Reposit\u00f3rio do IFSC, em parceria com o Departamento de Tecnologia da Informa\u00e7\u00e3o-DTI-SC e com as Bibliotecas da Escola de Engenharia de S\u00e3o Carlos \u2013 EESC, Faculdade de Direito de Ribeir\u00e3o Preto \u2013 FDRP, Instituto de Ci\u00eancias Matem\u00e1tica e da Computa\u00e7\u00e3o \u2013 ICMC e Instituto de Qu\u00edmica de S\u00e3o Carlos \u2013 IQSC, que tem por objetivos a preserva\u00e7\u00e3o da mem\u00f3ria institucional do IFSC e o estabelecimento de mais um canal de divulga\u00e7\u00e3o e dissemina\u00e7\u00e3o das atividades de ensino, pesquisa e extens\u00e3o nele desenvolvidas. J\u00e1 em <strong>2017<\/strong>, a Biblioteca consegue atender uma demanda muito importante de seus usu\u00e1rios com a transforma\u00e7\u00e3o de uma sala de estudo em grupo em sala 24hs. Com frequ\u00eancia intensa dos alunos de gradua\u00e7\u00e3o e vontade de um melhor acolhimento para aqueles que necessitariam de um hor\u00e1rio maior de atendimento da Biblioteca para seus estudos e pesquisas, foi poss\u00edvel em <strong>2018<\/strong> a adequa\u00e7\u00e3o de uma grande \u00e1rea do piso t\u00e9rreo da Biblioteca em espa\u00e7o 24hs, com disponibiliza\u00e7\u00e3o de salas de estudo em grupo, estudo individual e equipamentos. Essa adequa\u00e7\u00e3o possibilitou a implementa\u00e7\u00e3o de outros dois projetos: o Coffee Talks e o Momento bem estar na Biblioteca.[\/vc_column_text][\/vc_column][\/vc_row][vc_row rt_row_background_width=&#8221;default&#8221; rt_row_style=&#8221;default-style&#8221; rt_row_borders=&#8221;&#8221; rt_row_paddings=&#8221;true&#8221; rt_bg_effect=&#8221;classic&#8221; rt_bg_image_repeat=&#8221;repeat&#8221; rt_bg_size=&#8221;cover&#8221; rt_bg_position=&#8221;right top&#8221; rt_bg_attachment=&#8221;scroll&#8221; rt_bg_video_format=&#8221;self-hosted&#8221;][vc_column rt_wrp_col_paddings=&#8221;false&#8221; rt_border_top=&#8221;&#8221; rt_border_bottom=&#8221;&#8221; rt_border_left=&#8221;&#8221; rt_border_right=&#8221;&#8221; rt_border_top_mobile=&#8221;&#8221; rt_border_bottom_mobile=&#8221;&#8221; rt_border_left_mobile=&#8221;&#8221; rt_border_right_mobile=&#8221;&#8221; rt_bg_image_repeat=&#8221;repeat&#8221; rt_bg_size=&#8221;auto auto&#8221; rt_bg_position=&#8221;right top&#8221; rt_bg_attachment=&#8221;scroll&#8221;][vc_column_text css=&#8221;.vc_custom_1575900936937{margin-left: 80px !important;}&#8221;]<b><div class=\"sfsi_widget sfsi_shortcode_container\"><div class=\"norm_row sfsi_wDiv \"  style=\"width:175px;text-align:left;\"><div style='width:30px; height:30px;margin-left:5px;margin-bottom:5px; ' class='sfsi_wicons shuffeldiv ' ><div class='inerCnt'><a class=' sficn' data-effect='' target='_blank'  href='' id='sfsiid_facebook_icon' style='width:30px;height:30px;opacity:1;'  ><img data-pin-nopin='true' alt='Facebook' title='Facebook' src='https:\/\/www2.ifsc.usp.br\/biblioteca\/wp-content\/plugins\/ultimate-social-media-icons\/images\/icons_theme\/default\/default_facebook.png' width='30' height='30' style='' class='sfcm sfsi_wicon ' data-effect=''   \/><\/a><div class=\"sfsi_tool_tip_2 fb_tool_bdr sfsiTlleft\" style=\"opacity:0;z-index:-1;\" id=\"sfsiid_facebook\"><span class=\"bot_arow bot_fb_arow\"><\/span><div class=\"sfsi_inside\"><div  class='icon3'><a target='_blank' href='https:\/\/www.facebook.com\/sharer\/sharer.php?u=https%3A%2F%2Fwww2.ifsc.usp.br%2Fbiblioteca%2Fwp-json%2Fwp%2Fv2%2Fpages%2F8657' style='display:inline-block;'  > <img class='sfsi_wicon'  data-pin-nopin='true' alt='fb-share-icon' title='Facebook Share' src='https:\/\/www2.ifsc.usp.br\/biblioteca\/wp-content\/plugins\/ultimate-social-media-icons\/images\/share_icons\/fb_icons\/en_US.svg' \/><\/a><\/div><\/div><\/div><\/div><\/div><div style='width:30px; height:30px;margin-left:5px;margin-bottom:5px; ' class='sfsi_wicons shuffeldiv ' ><div class='inerCnt'><a class=' sficn' data-effect='' target='_blank'  href='' id='sfsiid_twitter_icon' style='width:30px;height:30px;opacity:1;'  ><img data-pin-nopin='true' alt='Twitter' title='Twitter' src='https:\/\/www2.ifsc.usp.br\/biblioteca\/wp-content\/plugins\/ultimate-social-media-icons\/images\/icons_theme\/default\/default_twitter.png' width='30' height='30' style='' class='sfcm sfsi_wicon ' data-effect=''   \/><\/a><div class=\"sfsi_tool_tip_2 twt_tool_bdr sfsiTlleft\" style=\"opacity:0;z-index:-1;\" id=\"sfsiid_twitter\"><span class=\"bot_arow bot_twt_arow\"><\/span><div class=\"sfsi_inside\"><div  class='icon2'><div class='sf_twiter' style='display: inline-block;vertical-align: middle;width: auto;'>\r\n\t\t\t\t\t\t<a target='_blank' href='https:\/\/x.com\/intent\/post?text=Hey%2C+check+out+this+cool+site+I+found%3A+www.yourname.com+%23Topic+via%40my_twitter_name+https%3A%2F%2Fwww2.ifsc.usp.br%2Fbiblioteca%2Fwp-json%2Fwp%2Fv2%2Fpages%2F8657' style='display:inline-block' >\r\n\t\t\t\t\t\t\t<img data-pin-nopin= true class='sfsi_wicon' src='https:\/\/www2.ifsc.usp.br\/biblioteca\/wp-content\/plugins\/ultimate-social-media-icons\/images\/share_icons\/Twitter_Tweet\/en_US_Tweet.svg' alt='Post on X' title='Post on X' >\r\n\t\t\t\t\t\t<\/a>\r\n\t\t\t\t\t<\/div><\/div><\/div><\/div><\/div><\/div><\/div ><div id=\"sfsi_holder\" class=\"sfsi_holders\" style=\"position: relative; float: left;width:100%;z-index:-1;\"><\/div ><script>window.addEventListener(\"sfsi_functions_loaded\", function()\n\t\t\t{\n\t\t\t\tif (typeof sfsi_widget_set == \"function\") {\n\t\t\t\t\tsfsi_widget_set();\n\t\t\t\t}\n\t\t\t}); <\/script><div style=\"clear: both;\"><\/div><\/div><\/b>[\/vc_column_text][\/vc_column][\/vc_row]<\/p>\n","protected":false},"excerpt":{"rendered":"<p>[vc_row rt_row_background_width=&#8221;default&#8221; rt_row_style=&#8221;default-style&#8221; rt_row_borders=&#8221;&#8221; rt_row_paddings=&#8221;true&#8221; rt_bg_effect=&#8221;classic&#8221; rt_bg_image_repeat=&#8221;repeat&#8221; rt_bg_size=&#8221;cover&#8221; rt_bg_position=&#8221;right top&#8221; rt_bg_attachment=&#8221;scroll&#8221; rt_bg_video_format=&#8221;self-hosted&#8221;][vc_column width=&#8221;1\/2&#8243; rt_wrp_col_paddings=&#8221;false&#8221; rt_border_top=&#8221;&#8221; rt_border_bottom=&#8221;&#8221; rt_border_left=&#8221;&#8221; rt_border_right=&#8221;&#8221; rt_border_top_mobile=&#8221;&#8221; rt_border_bottom_mobile=&#8221;&#8221; rt_border_left_mobile=&#8221;&#8221; rt_border_right_mobile=&#8221;&#8221; rt_bg_image_repeat=&#8221;repeat&#8221; rt_bg_size=&#8221;auto auto&#8221; rt_bg_position=&#8221;right top&#8221; rt_bg_attachment=&#8221;scroll&#8221; rt_padding_left=&#8221;100&#8243; rt_padding_top=&#8221;30&#8243; rt_padding_bottom=&#8221;30&#8243;][vc_column_text]O Servi\u00e7o de Biblioteca e Informa\u00e7\u00e3o\u00a0do Instituto de F\u00edsica de S\u00e3o Carlos teve sua origem no Departamento de F\u00edsica Geral e Experimental da Escola de [&hellip;]<\/p>\n","protected":false},"author":1,"featured_media":0,"parent":0,"menu_order":0,"comment_status":"closed","ping_status":"closed","template":"","meta":{"footnotes":""},"class_list":["post-8657","page","type-page","status-publish","hentry"],"yoast_head":"<!-- This site is optimized with the Yoast SEO plugin v27.1.1 - https:\/\/yoast.com\/product\/yoast-seo-wordpress\/ -->\n<title>Hist\u00f3rico - Servi\u00e7o de Biblioteca e Informa\u00e7\u00e3o<\/title>\n<meta name=\"robots\" content=\"index, follow, max-snippet:-1, max-image-preview:large, max-video-preview:-1\" \/>\n<link rel=\"canonical\" href=\"https:\/\/www2.ifsc.usp.br\/biblioteca\/historico\/\" \/>\n<meta property=\"og:locale\" content=\"pt_BR\" \/>\n<meta property=\"og:type\" content=\"article\" \/>\n<meta property=\"og:title\" content=\"Hist\u00f3rico - Servi\u00e7o de Biblioteca e Informa\u00e7\u00e3o\" \/>\n<meta property=\"og:description\" content=\"[vc_row rt_row_background_width=&#8221;default&#8221; rt_row_style=&#8221;default-style&#8221; rt_row_borders=&#8221;&#8221; rt_row_paddings=&#8221;true&#8221; rt_bg_effect=&#8221;classic&#8221; rt_bg_image_repeat=&#8221;repeat&#8221; rt_bg_size=&#8221;cover&#8221; rt_bg_position=&#8221;right top&#8221; rt_bg_attachment=&#8221;scroll&#8221; rt_bg_video_format=&#8221;self-hosted&#8221;][vc_column width=&#8221;1\/2&#8243; rt_wrp_col_paddings=&#8221;false&#8221; rt_border_top=&#8221;&#8221; rt_border_bottom=&#8221;&#8221; rt_border_left=&#8221;&#8221; rt_border_right=&#8221;&#8221; rt_border_top_mobile=&#8221;&#8221; rt_border_bottom_mobile=&#8221;&#8221; rt_border_left_mobile=&#8221;&#8221; rt_border_right_mobile=&#8221;&#8221; rt_bg_image_repeat=&#8221;repeat&#8221; rt_bg_size=&#8221;auto auto&#8221; rt_bg_position=&#8221;right top&#8221; rt_bg_attachment=&#8221;scroll&#8221; rt_padding_left=&#8221;100&#8243; rt_padding_top=&#8221;30&#8243; rt_padding_bottom=&#8221;30&#8243;][vc_column_text]O Servi\u00e7o de Biblioteca e Informa\u00e7\u00e3o\u00a0do Instituto de F\u00edsica de S\u00e3o Carlos teve sua origem no Departamento de F\u00edsica Geral e Experimental da Escola de [&hellip;]\" \/>\n<meta property=\"og:url\" content=\"https:\/\/www2.ifsc.usp.br\/biblioteca\/historico\/\" \/>\n<meta property=\"og:site_name\" content=\"Servi\u00e7o de Biblioteca e Informa\u00e7\u00e3o\" \/>\n<meta property=\"article:modified_time\" content=\"2019-12-09T14:16:58+00:00\" \/>\n<meta name=\"twitter:card\" content=\"summary_large_image\" \/>\n<meta name=\"twitter:label1\" content=\"Est. tempo de leitura\" \/>\n\t<meta name=\"twitter:data1\" content=\"7 minutos\" \/>\n<script type=\"application\/ld+json\" class=\"yoast-schema-graph\">{\"@context\":\"https:\/\/schema.org\",\"@graph\":[{\"@type\":\"WebPage\",\"@id\":\"https:\/\/www2.ifsc.usp.br\/biblioteca\/historico\/\",\"url\":\"https:\/\/www2.ifsc.usp.br\/biblioteca\/historico\/\",\"name\":\"Hist\u00f3rico - Servi\u00e7o de Biblioteca e Informa\u00e7\u00e3o\",\"isPartOf\":{\"@id\":\"https:\/\/www2.ifsc.usp.br\/biblioteca\/#website\"},\"datePublished\":\"2019-07-17T19:47:01+00:00\",\"dateModified\":\"2019-12-09T14:16:58+00:00\",\"breadcrumb\":{\"@id\":\"https:\/\/www2.ifsc.usp.br\/biblioteca\/historico\/#breadcrumb\"},\"inLanguage\":\"pt-BR\",\"potentialAction\":[{\"@type\":\"ReadAction\",\"target\":[\"https:\/\/www2.ifsc.usp.br\/biblioteca\/historico\/\"]}]},{\"@type\":\"BreadcrumbList\",\"@id\":\"https:\/\/www2.ifsc.usp.br\/biblioteca\/historico\/#breadcrumb\",\"itemListElement\":[{\"@type\":\"ListItem\",\"position\":1,\"name\":\"In\u00edcio\",\"item\":\"https:\/\/www2.ifsc.usp.br\/biblioteca\/\"},{\"@type\":\"ListItem\",\"position\":2,\"name\":\"Hist\u00f3rico\"}]},{\"@type\":\"WebSite\",\"@id\":\"https:\/\/www2.ifsc.usp.br\/biblioteca\/#website\",\"url\":\"https:\/\/www2.ifsc.usp.br\/biblioteca\/\",\"name\":\"Servi\u00e7o de Biblioteca e Informa\u00e7\u00e3o\",\"description\":\"Instituto de F\u00edsica de S\u00e3o Carlos\",\"potentialAction\":[{\"@type\":\"SearchAction\",\"target\":{\"@type\":\"EntryPoint\",\"urlTemplate\":\"https:\/\/www2.ifsc.usp.br\/biblioteca\/?s={search_term_string}\"},\"query-input\":{\"@type\":\"PropertyValueSpecification\",\"valueRequired\":true,\"valueName\":\"search_term_string\"}}],\"inLanguage\":\"pt-BR\"}]}<\/script>\n<!-- \/ Yoast SEO plugin. -->","yoast_head_json":{"title":"Hist\u00f3rico - Servi\u00e7o de Biblioteca e Informa\u00e7\u00e3o","robots":{"index":"index","follow":"follow","max-snippet":"max-snippet:-1","max-image-preview":"max-image-preview:large","max-video-preview":"max-video-preview:-1"},"canonical":"https:\/\/www2.ifsc.usp.br\/biblioteca\/historico\/","og_locale":"pt_BR","og_type":"article","og_title":"Hist\u00f3rico - Servi\u00e7o de Biblioteca e Informa\u00e7\u00e3o","og_description":"[vc_row rt_row_background_width=&#8221;default&#8221; rt_row_style=&#8221;default-style&#8221; rt_row_borders=&#8221;&#8221; rt_row_paddings=&#8221;true&#8221; rt_bg_effect=&#8221;classic&#8221; rt_bg_image_repeat=&#8221;repeat&#8221; rt_bg_size=&#8221;cover&#8221; rt_bg_position=&#8221;right top&#8221; rt_bg_attachment=&#8221;scroll&#8221; rt_bg_video_format=&#8221;self-hosted&#8221;][vc_column width=&#8221;1\/2&#8243; rt_wrp_col_paddings=&#8221;false&#8221; rt_border_top=&#8221;&#8221; rt_border_bottom=&#8221;&#8221; rt_border_left=&#8221;&#8221; rt_border_right=&#8221;&#8221; rt_border_top_mobile=&#8221;&#8221; rt_border_bottom_mobile=&#8221;&#8221; rt_border_left_mobile=&#8221;&#8221; rt_border_right_mobile=&#8221;&#8221; rt_bg_image_repeat=&#8221;repeat&#8221; rt_bg_size=&#8221;auto auto&#8221; rt_bg_position=&#8221;right top&#8221; rt_bg_attachment=&#8221;scroll&#8221; rt_padding_left=&#8221;100&#8243; rt_padding_top=&#8221;30&#8243; rt_padding_bottom=&#8221;30&#8243;][vc_column_text]O Servi\u00e7o de Biblioteca e Informa\u00e7\u00e3o\u00a0do Instituto de F\u00edsica de S\u00e3o Carlos teve sua origem no Departamento de F\u00edsica Geral e Experimental da Escola de [&hellip;]","og_url":"https:\/\/www2.ifsc.usp.br\/biblioteca\/historico\/","og_site_name":"Servi\u00e7o de Biblioteca e Informa\u00e7\u00e3o","article_modified_time":"2019-12-09T14:16:58+00:00","twitter_card":"summary_large_image","twitter_misc":{"Est. tempo de leitura":"7 minutos"},"schema":{"@context":"https:\/\/schema.org","@graph":[{"@type":"WebPage","@id":"https:\/\/www2.ifsc.usp.br\/biblioteca\/historico\/","url":"https:\/\/www2.ifsc.usp.br\/biblioteca\/historico\/","name":"Hist\u00f3rico - Servi\u00e7o de Biblioteca e Informa\u00e7\u00e3o","isPartOf":{"@id":"https:\/\/www2.ifsc.usp.br\/biblioteca\/#website"},"datePublished":"2019-07-17T19:47:01+00:00","dateModified":"2019-12-09T14:16:58+00:00","breadcrumb":{"@id":"https:\/\/www2.ifsc.usp.br\/biblioteca\/historico\/#breadcrumb"},"inLanguage":"pt-BR","potentialAction":[{"@type":"ReadAction","target":["https:\/\/www2.ifsc.usp.br\/biblioteca\/historico\/"]}]},{"@type":"BreadcrumbList","@id":"https:\/\/www2.ifsc.usp.br\/biblioteca\/historico\/#breadcrumb","itemListElement":[{"@type":"ListItem","position":1,"name":"In\u00edcio","item":"https:\/\/www2.ifsc.usp.br\/biblioteca\/"},{"@type":"ListItem","position":2,"name":"Hist\u00f3rico"}]},{"@type":"WebSite","@id":"https:\/\/www2.ifsc.usp.br\/biblioteca\/#website","url":"https:\/\/www2.ifsc.usp.br\/biblioteca\/","name":"Servi\u00e7o de Biblioteca e Informa\u00e7\u00e3o","description":"Instituto de F\u00edsica de S\u00e3o Carlos","potentialAction":[{"@type":"SearchAction","target":{"@type":"EntryPoint","urlTemplate":"https:\/\/www2.ifsc.usp.br\/biblioteca\/?s={search_term_string}"},"query-input":{"@type":"PropertyValueSpecification","valueRequired":true,"valueName":"search_term_string"}}],"inLanguage":"pt-BR"}]}},"_links":{"self":[{"href":"https:\/\/www2.ifsc.usp.br\/biblioteca\/wp-json\/wp\/v2\/pages\/8657","targetHints":{"allow":["GET"]}}],"collection":[{"href":"https:\/\/www2.ifsc.usp.br\/biblioteca\/wp-json\/wp\/v2\/pages"}],"about":[{"href":"https:\/\/www2.ifsc.usp.br\/biblioteca\/wp-json\/wp\/v2\/types\/page"}],"author":[{"embeddable":true,"href":"https:\/\/www2.ifsc.usp.br\/biblioteca\/wp-json\/wp\/v2\/users\/1"}],"replies":[{"embeddable":true,"href":"https:\/\/www2.ifsc.usp.br\/biblioteca\/wp-json\/wp\/v2\/comments?post=8657"}],"version-history":[{"count":21,"href":"https:\/\/www2.ifsc.usp.br\/biblioteca\/wp-json\/wp\/v2\/pages\/8657\/revisions"}],"predecessor-version":[{"id":9223,"href":"https:\/\/www2.ifsc.usp.br\/biblioteca\/wp-json\/wp\/v2\/pages\/8657\/revisions\/9223"}],"wp:attachment":[{"href":"https:\/\/www2.ifsc.usp.br\/biblioteca\/wp-json\/wp\/v2\/media?parent=8657"}],"curies":[{"name":"wp","href":"https:\/\/api.w.org\/{rel}","templated":true}]}}